{"id":14579,"date":"2016-03-23T13:06:33","date_gmt":"2016-03-23T13:06:33","guid":{"rendered":"http:\/\/192.168.100.222\/target_carts\/wordpress\/wordpress495\/wordpress\/?product=hallitunkki-2t-kraftmann-1880"},"modified":"2022-04-04T09:56:12","modified_gmt":"2022-04-04T06:56:12","slug":"hallitunkki-2t-kraftmann-1880","status":"publish","type":"product","link":"https:\/\/silikotek.sapartners.site\/index.php\/tuote\/hallitunkki-2t-kraftmann-1880\/","title":{"rendered":"Kraftmann 1880 Hallitunkki 2T"},"content":{"rendered":"","protected":false},"excerpt":{"rendered":"<p>Hydraulitunkki 2T<br \/>\n&#8211; 2 k\u00e4\u00e4ntyv\u00e4\u00e4 py\u00f6r\u00e4\u00e4 ja 2 kiinte\u00e4\u00e4 py\u00f6r\u00e4\u00e4, kantokahva<br \/>\n&#8211; nostokapasiteetti: 2,0 tonnia<br \/>\n&#8211; pituus: 454 mm<br \/>\n&#8211; leveys: 202 mm<br \/>\n&#8211; korkeus: 131 mm<br \/>\n&#8211; nostokorkeus: 140 &#8211; 340 mm<\/p>\n","protected":false},"featured_media":20086,"template":"","meta":{"_et_pb_use_builder":"","_et_pb_old_content":"","_et_gb_content_width":""},"pwb-brand":[1456],"product_brand":[],"product_cat":[766],"product_tag":[],"class_list":{"0":"post-14579","1":"product","2":"type-product","3":"status-publish","4":"has-post-thumbnail","6":"pwb-brand-kraftmann","7":"product_cat-hallitunkit-ja-nostimet","9":"first","10":"instock","11":"taxable","12":"shipping-taxable","13":"purchasable","14":"product-type-simple"},"brands":[{"id":1456,"name":"Kraftmann","slug":"kraftmann"}],"_links":{"self":[{"href":"https:\/\/silikotek.sapartners.site\/index.php\/wp-json\/wp\/v2\/product\/14579","targetHints":{"allow":["GET"]}}],"collection":[{"href":"https:\/\/silikotek.sapartners.site\/index.php\/wp-json\/wp\/v2\/product"}],"about":[{"href":"https:\/\/silikotek.sapartners.site\/index.php\/wp-json\/wp\/v2\/types\/product"}],"wp:featuredmedia":[{"embeddable":true,"href":"https:\/\/silikotek.sapartners.site\/index.php\/wp-json\/wp\/v2\/media\/20086"}],"wp:attachment":[{"href":"https:\/\/silikotek.sapartners.site\/index.php\/wp-json\/wp\/v2\/media?parent=14579"}],"wp:term":[{"taxonomy":"pwb-brand","embeddable":true,"href":"https:\/\/silikotek.sapartners.site\/index.php\/wp-json\/wp\/v2\/pwb-brand?post=14579"},{"taxonomy":"product_brand","embeddable":true,"href":"https:\/\/silikotek.sapartners.site\/index.php\/wp-json\/wp\/v2\/product_brand?post=14579"},{"taxonomy":"product_cat","embeddable":true,"href":"https:\/\/silikotek.sapartners.site\/index.php\/wp-json\/wp\/v2\/product_cat?post=14579"},{"taxonomy":"product_tag","embeddable":true,"href":"https:\/\/silikotek.sapartners.site\/index.php\/wp-json\/wp\/v2\/product_tag?post=14579"}],"curies":[{"name":"wp","href":"https:\/\/api.w.org\/{rel}","templated":true}]}}