{"id":14566,"date":"2016-03-22T13:54:35","date_gmt":"2016-03-22T11:54:35","guid":{"rendered":"http:\/\/192.168.100.222\/target_carts\/wordpress\/wordpress495\/wordpress\/?product=rengasrauta-kraftmann-250-750-mm"},"modified":"2023-09-01T14:49:35","modified_gmt":"2023-09-01T11:49:35","slug":"rengasrauta-kraftmann-250-750-mm","status":"publish","type":"product","link":"https:\/\/silikotek.sapartners.site\/index.php\/tuote\/rengasrauta-kraftmann-250-750-mm\/","title":{"rendered":"Kraftmann Rengasrauta 250-750 mm"},"content":{"rendered":"","protected":false},"excerpt":{"rendered":"<p>Rengasraudat Kraftmann 250-750 mm. Rengasrauta on tarpeellinen jokaisessa autotallissa. Helpottaa huomattavasti mopojen, polkupy\u00f6rien, m\u00f6nki\u00f6iden, puutarhatraktoreiden jne, renkaiden paikkaamisessa.<br \/>\nRengasrauta 250 mm 91530<br \/>\nRengasrauta 400 mm 91531<br \/>\nRengasrauta 500 mm 91532<br \/>\nRengasrauta 600 mm 91533<br \/>\nRengasrauta 750 mm 91534<\/p>\n","protected":false},"featured_media":21270,"template":"","meta":{"_et_pb_use_builder":"","_et_pb_old_content":"","_et_gb_content_width":""},"pwb-brand":[1456],"product_brand":[],"product_cat":[752],"product_tag":[],"class_list":{"0":"post-14566","1":"product","2":"type-product","3":"status-publish","4":"has-post-thumbnail","6":"pwb-brand-kraftmann","7":"product_cat-rengas-tyokalut","8":"pa_pituus-250-mm","9":"pa_pituus-400-mm","10":"pa_pituus-500-mm","11":"pa_pituus-600-mm","12":"pa_pituus-750-mm","14":"first","15":"instock","16":"taxable","17":"shipping-taxable","18":"purchasable","19":"product-type-variable"},"brands":[{"id":1456,"name":"Kraftmann","slug":"kraftmann"}],"_links":{"self":[{"href":"https:\/\/silikotek.sapartners.site\/index.php\/wp-json\/wp\/v2\/product\/14566","targetHints":{"allow":["GET"]}}],"collection":[{"href":"https:\/\/silikotek.sapartners.site\/index.php\/wp-json\/wp\/v2\/product"}],"about":[{"href":"https:\/\/silikotek.sapartners.site\/index.php\/wp-json\/wp\/v2\/types\/product"}],"wp:featuredmedia":[{"embeddable":true,"href":"https:\/\/silikotek.sapartners.site\/index.php\/wp-json\/wp\/v2\/media\/21270"}],"wp:attachment":[{"href":"https:\/\/silikotek.sapartners.site\/index.php\/wp-json\/wp\/v2\/media?parent=14566"}],"wp:term":[{"taxonomy":"pwb-brand","embeddable":true,"href":"https:\/\/silikotek.sapartners.site\/index.php\/wp-json\/wp\/v2\/pwb-brand?post=14566"},{"taxonomy":"product_brand","embeddable":true,"href":"https:\/\/silikotek.sapartners.site\/index.php\/wp-json\/wp\/v2\/product_brand?post=14566"},{"taxonomy":"product_cat","embeddable":true,"href":"https:\/\/silikotek.sapartners.site\/index.php\/wp-json\/wp\/v2\/product_cat?post=14566"},{"taxonomy":"product_tag","embeddable":true,"href":"https:\/\/silikotek.sapartners.site\/index.php\/wp-json\/wp\/v2\/product_tag?post=14566"}],"curies":[{"name":"wp","href":"https:\/\/api.w.org\/{rel}","templated":true}]}}