{"id":14523,"date":"2016-03-21T09:50:26","date_gmt":"2016-03-21T09:50:26","guid":{"rendered":"http:\/\/192.168.100.222\/target_carts\/wordpress\/wordpress495\/wordpress\/?product=raikkalenkkisarja-12-os-kraftmann-30001"},"modified":"2022-02-28T00:01:39","modified_gmt":"2022-02-27T22:01:39","slug":"raikkalenkkisarja-12-os-kraftmann-30001-1","status":"publish","type":"product","link":"https:\/\/silikotek.sapartners.site\/index.php\/tuote\/raikkalenkkisarja-12-os-kraftmann-30001-1\/","title":{"rendered":"Kraftmann 12-osainen 30001 R\u00e4ikk\u00e4lenkkisarja"},"content":{"rendered":"","protected":false},"excerpt":{"rendered":"<p>R\u00e4ikk\u00e4lenkkisarja 12-os Kraftmann-30001 vaativaan harrastusk\u00e4ytt\u00f6\u00f6n.<br \/>\nr\u00e4ikk\u00e4lenkit tihe\u00e4ll\u00e4 72 hampaisella r\u00e4ik\u00e4ll\u00e4<br \/>\npieninin siirtym\u00e4 5 \u00b0<br \/>\n&#8211; R\u00e4ikk\u00e4lenkkisarjassa seuraavat koot:<br \/>\n8-9-10-11-12-13-14-15-16-17-18-19 mm<br \/>\n&#8211; kromattu<\/p>\n","protected":false},"featured_media":23395,"template":"","meta":{"_et_pb_use_builder":"","_et_pb_old_content":"","_et_gb_content_width":""},"pwb-brand":[1456],"product_brand":[],"product_cat":[747],"product_tag":[],"class_list":{"0":"post-14523","1":"product","2":"type-product","3":"status-publish","4":"has-post-thumbnail","6":"pwb-brand-kraftmann","7":"product_cat-raikkalenkit","9":"first","10":"instock","11":"taxable","12":"shipping-taxable","13":"purchasable","14":"product-type-simple"},"brands":[{"id":1456,"name":"Kraftmann","slug":"kraftmann"}],"_links":{"self":[{"href":"https:\/\/silikotek.sapartners.site\/index.php\/wp-json\/wp\/v2\/product\/14523","targetHints":{"allow":["GET"]}}],"collection":[{"href":"https:\/\/silikotek.sapartners.site\/index.php\/wp-json\/wp\/v2\/product"}],"about":[{"href":"https:\/\/silikotek.sapartners.site\/index.php\/wp-json\/wp\/v2\/types\/product"}],"wp:featuredmedia":[{"embeddable":true,"href":"https:\/\/silikotek.sapartners.site\/index.php\/wp-json\/wp\/v2\/media\/23395"}],"wp:attachment":[{"href":"https:\/\/silikotek.sapartners.site\/index.php\/wp-json\/wp\/v2\/media?parent=14523"}],"wp:term":[{"taxonomy":"pwb-brand","embeddable":true,"href":"https:\/\/silikotek.sapartners.site\/index.php\/wp-json\/wp\/v2\/pwb-brand?post=14523"},{"taxonomy":"product_brand","embeddable":true,"href":"https:\/\/silikotek.sapartners.site\/index.php\/wp-json\/wp\/v2\/product_brand?post=14523"},{"taxonomy":"product_cat","embeddable":true,"href":"https:\/\/silikotek.sapartners.site\/index.php\/wp-json\/wp\/v2\/product_cat?post=14523"},{"taxonomy":"product_tag","embeddable":true,"href":"https:\/\/silikotek.sapartners.site\/index.php\/wp-json\/wp\/v2\/product_tag?post=14523"}],"curies":[{"name":"wp","href":"https:\/\/api.w.org\/{rel}","templated":true}]}}