{"id":14388,"date":"2016-02-16T15:22:54","date_gmt":"2016-02-16T15:22:54","guid":{"rendered":"http:\/\/192.168.100.222\/target_carts\/wordpress\/wordpress495\/wordpress\/?product=kulmahiomakone-ag-10-125-1000w-milwaukee"},"modified":"2017-10-23T12:15:34","modified_gmt":"2017-10-23T12:15:34","slug":"kulmahiomakone-ag-10-125-1000w-milwaukee","status":"publish","type":"product","link":"https:\/\/silikotek.sapartners.site\/index.php\/tuote\/kulmahiomakone-ag-10-125-1000w-milwaukee\/","title":{"rendered":"Kulmahiomakone AG 10-125 1000W Milwaukee"},"content":{"rendered":"","protected":false},"excerpt":{"rendered":"<p>Nyt aivan posketon tarjous. Milwaukee Kulmahiomakone AG 10-125 1000W 125 mm laikalla kovaan vaativaan k\u00e4ytt\u00f6\u00f6n. Vain 276 mm pitk\u00e4 ja paino vain 2,1 kg. Ter\u00e4nsuojus pikalukituksella. Kaapeli 4m ja vapaa kierrosluku 11000 r\/min. <br \/>N\u00e4it\u00e4 ei riit\u00e4 kaikille, osta heti. Saat viel\u00e4 3-vuoden takuun kaupanp\u00e4\u00e4lle rekister\u00f6im\u00e4ll\u00e4 kone.<\/p>\n","protected":false},"featured_media":14386,"template":"","meta":{"_et_pb_use_builder":"","_et_pb_old_content":"","_et_gb_content_width":""},"pwb-brand":[],"product_brand":[],"product_cat":[358],"product_tag":[],"class_list":{"0":"post-14388","1":"product","2":"type-product","3":"status-publish","4":"has-post-thumbnail","6":"product_cat-pienet-kulmahiomakoneet","8":"first","9":"instock","10":"taxable","11":"shipping-taxable","12":"purchasable","13":"product-type-simple"},"brands":[],"_links":{"self":[{"href":"https:\/\/silikotek.sapartners.site\/index.php\/wp-json\/wp\/v2\/product\/14388","targetHints":{"allow":["GET"]}}],"collection":[{"href":"https:\/\/silikotek.sapartners.site\/index.php\/wp-json\/wp\/v2\/product"}],"about":[{"href":"https:\/\/silikotek.sapartners.site\/index.php\/wp-json\/wp\/v2\/types\/product"}],"wp:featuredmedia":[{"embeddable":true,"href":"https:\/\/silikotek.sapartners.site\/index.php\/wp-json\/wp\/v2\/media\/14386"}],"wp:attachment":[{"href":"https:\/\/silikotek.sapartners.site\/index.php\/wp-json\/wp\/v2\/media?parent=14388"}],"wp:term":[{"taxonomy":"pwb-brand","embeddable":true,"href":"https:\/\/silikotek.sapartners.site\/index.php\/wp-json\/wp\/v2\/pwb-brand?post=14388"},{"taxonomy":"product_brand","embeddable":true,"href":"https:\/\/silikotek.sapartners.site\/index.php\/wp-json\/wp\/v2\/product_brand?post=14388"},{"taxonomy":"product_cat","embeddable":true,"href":"https:\/\/silikotek.sapartners.site\/index.php\/wp-json\/wp\/v2\/product_cat?post=14388"},{"taxonomy":"product_tag","embeddable":true,"href":"https:\/\/silikotek.sapartners.site\/index.php\/wp-json\/wp\/v2\/product_tag?post=14388"}],"curies":[{"name":"wp","href":"https:\/\/api.w.org\/{rel}","templated":true}]}}