{"id":14367,"date":"2016-02-15T13:41:20","date_gmt":"2016-02-15T11:41:20","guid":{"rendered":"http:\/\/192.168.100.222\/target_carts\/wordpress\/wordpress495\/wordpress\/?product=suojalasit-worksafe-hawk-eye-harmaa-aurinkolasit"},"modified":"2018-12-12T10:27:23","modified_gmt":"2018-12-12T08:27:23","slug":"suojalasit-worksafe-hawk-eye-harmaa-aurinkolasit","status":"publish","type":"product","link":"https:\/\/silikotek.sapartners.site\/index.php\/tuote\/suojalasit-worksafe-hawk-eye-harmaa-aurinkolasit\/","title":{"rendered":"Worksafe Hawk Eye Suojalasit harmaa (aurinkolasit)"},"content":{"rendered":"","protected":false},"excerpt":{"rendered":"<p>Sivusuojilla varustetut suojalasit, sankojen korkeutta ja pituutta voidaan s\u00e4\u00e4t\u00e4\u00e4. Toimitetaan l\u00e4pin\u00e4kyv\u00e4ss\u00e4 kotelossa, jossa magneettilukko.\u00a0<span class=\"usp-text\">Harmaa huurtumaton linssi naarmuuntumatonta polykarbonaattia<\/span><\/p>\n","protected":false},"featured_media":14363,"template":"","meta":{"_et_pb_use_builder":"","_et_pb_old_content":"","_et_gb_content_width":""},"pwb-brand":[],"product_brand":[],"product_cat":[296],"product_tag":[],"class_list":{"0":"post-14367","1":"product","2":"type-product","3":"status-publish","4":"has-post-thumbnail","6":"product_cat-silmien-suojaus","7":"pa_vari-harmaa","8":"pa_vari-keltainen","9":"pa_vari-kirkas","11":"first","12":"instock","13":"taxable","14":"shipping-taxable","15":"purchasable","16":"product-type-variable"},"brands":[],"_links":{"self":[{"href":"https:\/\/silikotek.sapartners.site\/index.php\/wp-json\/wp\/v2\/product\/14367","targetHints":{"allow":["GET"]}}],"collection":[{"href":"https:\/\/silikotek.sapartners.site\/index.php\/wp-json\/wp\/v2\/product"}],"about":[{"href":"https:\/\/silikotek.sapartners.site\/index.php\/wp-json\/wp\/v2\/types\/product"}],"wp:featuredmedia":[{"embeddable":true,"href":"https:\/\/silikotek.sapartners.site\/index.php\/wp-json\/wp\/v2\/media\/14363"}],"wp:attachment":[{"href":"https:\/\/silikotek.sapartners.site\/index.php\/wp-json\/wp\/v2\/media?parent=14367"}],"wp:term":[{"taxonomy":"pwb-brand","embeddable":true,"href":"https:\/\/silikotek.sapartners.site\/index.php\/wp-json\/wp\/v2\/pwb-brand?post=14367"},{"taxonomy":"product_brand","embeddable":true,"href":"https:\/\/silikotek.sapartners.site\/index.php\/wp-json\/wp\/v2\/product_brand?post=14367"},{"taxonomy":"product_cat","embeddable":true,"href":"https:\/\/silikotek.sapartners.site\/index.php\/wp-json\/wp\/v2\/product_cat?post=14367"},{"taxonomy":"product_tag","embeddable":true,"href":"https:\/\/silikotek.sapartners.site\/index.php\/wp-json\/wp\/v2\/product_tag?post=14367"}],"curies":[{"name":"wp","href":"https:\/\/api.w.org\/{rel}","templated":true}]}}