{"id":14360,"date":"2016-02-12T10:54:36","date_gmt":"2016-02-12T10:54:36","guid":{"rendered":"http:\/\/192.168.100.222\/target_carts\/wordpress\/wordpress495\/wordpress\/?product=tuulilasin-irroitustyokalusarja-eds-150"},"modified":"2019-08-14T13:56:57","modified_gmt":"2019-08-14T10:56:57","slug":"tuulilasin-irroitustyokalusarja-eds-150","status":"publish","type":"product","link":"https:\/\/silikotek.sapartners.site\/index.php\/tuote\/tuulilasin-irroitustyokalusarja-eds-150\/","title":{"rendered":"Pro Glass Tuulilasin irroitusty\u00f6kalusarja EDS-150"},"content":{"rendered":"<p>[et_pb_section bb_built=&#8221;1&#8243;][et_pb_row][et_pb_column type=&#8221;4_4&#8243;][et_pb_text]<\/p>\n<p>Sis\u00e4lt\u00f6:<br \/>\nImukuppi 150 mm langanpitimell\u00e4 EDS-150-S<br \/>\nPrimer\/puhdistusaine imukupille HRS-100<br \/>\nIrroituslanka py\u00f6re\u00e4 22 m RD-22<br \/>\nIrroituslanka kulmikas 22 m VKD-22<br \/>\nVetokahva irroituslangalle DST-125<br \/>\nVetokahva imukupilla DGL-201S<\/p>\n<p>[\/et_pb_text][et_pb_video _builder_version=&#8221;3.13.1&#8243; src=&#8221;https:\/\/youtu.be\/RUj50CDcoWw&#8221; \/][\/et_pb_column][\/et_pb_row][\/et_pb_section]<\/p>\n","protected":false},"excerpt":{"rendered":"<p>Tuulilasin irroitusty\u00f6kalusarja EDS-150. T\u00e4ll\u00e4 tuulilasin irroituslaitteella irroittaa yksi asentaja tuulilasin nopeasti ja vaivattomasti.<br \/>\n150 mm imukuppi pit\u00e4\u00e4 ehdottoman tiukasti vaijerin paikallaan ja toista asentajaa ei tarvita. Lis\u00e4ksi tarvitset vain suojan DBP-6030 suojaamaan verhoilua.<\/p>\n","protected":false},"featured_media":20685,"template":"","meta":{"_et_pb_use_builder":"on","_et_pb_old_content":"<p>Sis\u00e4lt\u00f6:<br \/>Imukuppi 150 mm langanpitimell\u00e4 EDS-150-S<br \/>Primer\/puhdistusaine imukupille HRS-100<br \/>Irroituslanka py\u00f6re\u00e4 22 m RD-22<br \/>Irroituslanka kulmikas 22 m VKD-22<br \/>Vetokahva irroituslangalle DST-125<br \/>Vetokahva imukupilla DGL-201S<\/p>","_et_gb_content_width":""},"pwb-brand":[1503],"product_brand":[],"product_cat":[749],"product_tag":[],"class_list":{"0":"post-14360","1":"product","2":"type-product","3":"status-publish","4":"has-post-thumbnail","6":"pwb-brand-proglass","7":"product_cat-tuulilasi-tyokalut","9":"first","10":"instock","11":"taxable","12":"shipping-taxable","13":"purchasable","14":"product-type-simple"},"brands":[{"id":1503,"name":"ProGlass","slug":"proglass"}],"_links":{"self":[{"href":"https:\/\/silikotek.sapartners.site\/index.php\/wp-json\/wp\/v2\/product\/14360","targetHints":{"allow":["GET"]}}],"collection":[{"href":"https:\/\/silikotek.sapartners.site\/index.php\/wp-json\/wp\/v2\/product"}],"about":[{"href":"https:\/\/silikotek.sapartners.site\/index.php\/wp-json\/wp\/v2\/types\/product"}],"wp:featuredmedia":[{"embeddable":true,"href":"https:\/\/silikotek.sapartners.site\/index.php\/wp-json\/wp\/v2\/media\/20685"}],"wp:attachment":[{"href":"https:\/\/silikotek.sapartners.site\/index.php\/wp-json\/wp\/v2\/media?parent=14360"}],"wp:term":[{"taxonomy":"pwb-brand","embeddable":true,"href":"https:\/\/silikotek.sapartners.site\/index.php\/wp-json\/wp\/v2\/pwb-brand?post=14360"},{"taxonomy":"product_brand","embeddable":true,"href":"https:\/\/silikotek.sapartners.site\/index.php\/wp-json\/wp\/v2\/product_brand?post=14360"},{"taxonomy":"product_cat","embeddable":true,"href":"https:\/\/silikotek.sapartners.site\/index.php\/wp-json\/wp\/v2\/product_cat?post=14360"},{"taxonomy":"product_tag","embeddable":true,"href":"https:\/\/silikotek.sapartners.site\/index.php\/wp-json\/wp\/v2\/product_tag?post=14360"}],"curies":[{"name":"wp","href":"https:\/\/api.w.org\/{rel}","templated":true}]}}