{"id":13790,"date":"2015-12-04T13:58:19","date_gmt":"2015-12-04T11:58:19","guid":{"rendered":"http:\/\/192.168.100.222\/target_carts\/wordpress\/wordpress495\/wordpress\/?product=avosilmukka-avaimet-facom"},"modified":"2018-07-04T13:12:32","modified_gmt":"2018-07-04T10:12:32","slug":"avosilmukka-avaimet-facom-1","status":"publish","type":"product","link":"https:\/\/silikotek.sapartners.site\/index.php\/tuote\/avosilmukka-avaimet-facom-1\/","title":{"rendered":"Avosilmukka-avaimet Facom"},"content":{"rendered":"<p>Eritt\u00e4in k\u00e4tev\u00e4t hydrauliputkien irroittamisessa.<\/p>\n","protected":false},"excerpt":{"rendered":"<pre><span class=\"puce\">\u2022<\/span> 15\u00b0 taivutettu\r\n<span class=\"puce\">\u2022<\/span> 6-kulmaiset 8x10 to 12x14 mm - 12-kulmaiset: 14x17 ja 36x41 mm. \r\n<span class=\"puce\">\u2022<\/span> Metriset koot: 8 - 41 mm. (saatavana my\u00f6s tuumakoot)\r\n<span class=\"puce\">\u2022<\/span> Satiini kromattu.<br \/>Avosilmukka-avaimet Facom <\/pre>\n","protected":false},"featured_media":13789,"template":"","meta":{"_et_pb_use_builder":"","_et_pb_old_content":"","_et_gb_content_width":""},"pwb-brand":[1455],"product_brand":[],"product_cat":[499],"product_tag":[],"class_list":{"0":"post-13790","1":"product","2":"type-product","3":"status-publish","4":"has-post-thumbnail","6":"pwb-brand-facom","7":"product_cat-silmukka-avaimet","8":"pa_avainkoot-10x11","9":"pa_avainkoot-10x12","10":"pa_avainkoot-11x13","11":"pa_avainkoot-12x14","12":"pa_avainkoot-14x17","13":"pa_avainkoot-17x19","14":"pa_avainkoot-19x22","15":"pa_avainkoot-22x24","16":"pa_avainkoot-24x27","17":"pa_avainkoot-30x32","18":"pa_avainkoot-36x41","19":"pa_avainkoot-8x10","21":"first","22":"instock","23":"taxable","24":"shipping-taxable","25":"purchasable","26":"product-type-variable"},"brands":[{"id":1455,"name":"Facom","slug":"facom"}],"_links":{"self":[{"href":"https:\/\/silikotek.sapartners.site\/index.php\/wp-json\/wp\/v2\/product\/13790","targetHints":{"allow":["GET"]}}],"collection":[{"href":"https:\/\/silikotek.sapartners.site\/index.php\/wp-json\/wp\/v2\/product"}],"about":[{"href":"https:\/\/silikotek.sapartners.site\/index.php\/wp-json\/wp\/v2\/types\/product"}],"wp:featuredmedia":[{"embeddable":true,"href":"https:\/\/silikotek.sapartners.site\/index.php\/wp-json\/wp\/v2\/media\/13789"}],"wp:attachment":[{"href":"https:\/\/silikotek.sapartners.site\/index.php\/wp-json\/wp\/v2\/media?parent=13790"}],"wp:term":[{"taxonomy":"pwb-brand","embeddable":true,"href":"https:\/\/silikotek.sapartners.site\/index.php\/wp-json\/wp\/v2\/pwb-brand?post=13790"},{"taxonomy":"product_brand","embeddable":true,"href":"https:\/\/silikotek.sapartners.site\/index.php\/wp-json\/wp\/v2\/product_brand?post=13790"},{"taxonomy":"product_cat","embeddable":true,"href":"https:\/\/silikotek.sapartners.site\/index.php\/wp-json\/wp\/v2\/product_cat?post=13790"},{"taxonomy":"product_tag","embeddable":true,"href":"https:\/\/silikotek.sapartners.site\/index.php\/wp-json\/wp\/v2\/product_tag?post=13790"}],"curies":[{"name":"wp","href":"https:\/\/api.w.org\/{rel}","templated":true}]}}