{"id":13780,"date":"2015-12-04T12:41:16","date_gmt":"2015-12-04T12:41:16","guid":{"rendered":"http:\/\/192.168.100.222\/target_carts\/wordpress\/wordpress495\/wordpress\/?product=raikkasilmukka-avaimet-facom-70a-je7t"},"modified":"2015-12-04T13:04:59","modified_gmt":"2015-12-04T13:04:59","slug":"raikkasilmukka-avaimet-facom-70a-je7t","status":"publish","type":"product","link":"https:\/\/silikotek.sapartners.site\/index.php\/tuote\/raikkasilmukka-avaimet-facom-70a-je7t\/","title":{"rendered":"R\u00e4ikk\u00e4silmukka-avaimet Facom 70A.JE7T"},"content":{"rendered":"","protected":false},"excerpt":{"rendered":"<p>R\u00e4ikk\u00e4silmukka-avaimet Facom 70A.JE7T. Nopeaan kirist\u00e4miseen putkistoissa olevat kiinnitysmutterit kuten hydrauliikkaputket, jarruputket jne.Kuvasta poiketen sis\u00e4lt\u00f6: 7, 8, 9, 10, 11, 12, 13 mm yhteens\u00e4 7 avainta.<\/p>\n","protected":false},"featured_media":13779,"template":"","meta":{"_et_pb_use_builder":"","_et_pb_old_content":"","_et_gb_content_width":""},"pwb-brand":[],"product_brand":[],"product_cat":[747],"product_tag":[],"class_list":{"0":"post-13780","1":"product","2":"type-product","3":"status-publish","4":"has-post-thumbnail","6":"product_cat-raikkalenkit","8":"first","9":"instock","10":"sale","11":"taxable","12":"shipping-taxable","13":"purchasable","14":"product-type-simple"},"brands":[],"_links":{"self":[{"href":"https:\/\/silikotek.sapartners.site\/index.php\/wp-json\/wp\/v2\/product\/13780","targetHints":{"allow":["GET"]}}],"collection":[{"href":"https:\/\/silikotek.sapartners.site\/index.php\/wp-json\/wp\/v2\/product"}],"about":[{"href":"https:\/\/silikotek.sapartners.site\/index.php\/wp-json\/wp\/v2\/types\/product"}],"wp:featuredmedia":[{"embeddable":true,"href":"https:\/\/silikotek.sapartners.site\/index.php\/wp-json\/wp\/v2\/media\/13779"}],"wp:attachment":[{"href":"https:\/\/silikotek.sapartners.site\/index.php\/wp-json\/wp\/v2\/media?parent=13780"}],"wp:term":[{"taxonomy":"pwb-brand","embeddable":true,"href":"https:\/\/silikotek.sapartners.site\/index.php\/wp-json\/wp\/v2\/pwb-brand?post=13780"},{"taxonomy":"product_brand","embeddable":true,"href":"https:\/\/silikotek.sapartners.site\/index.php\/wp-json\/wp\/v2\/product_brand?post=13780"},{"taxonomy":"product_cat","embeddable":true,"href":"https:\/\/silikotek.sapartners.site\/index.php\/wp-json\/wp\/v2\/product_cat?post=13780"},{"taxonomy":"product_tag","embeddable":true,"href":"https:\/\/silikotek.sapartners.site\/index.php\/wp-json\/wp\/v2\/product_tag?post=13780"}],"curies":[{"name":"wp","href":"https:\/\/api.w.org\/{rel}","templated":true}]}}