{"id":13522,"date":"2015-11-13T11:00:24","date_gmt":"2015-11-13T11:00:24","guid":{"rendered":"http:\/\/192.168.100.222\/target_carts\/wordpress\/wordpress495\/wordpress\/?product=akkuporavasara-imuri-m18-chpxde_502c"},"modified":"2015-11-13T11:02:40","modified_gmt":"2015-11-13T11:02:40","slug":"akkuporavasara-imuri-m18-chpxde_502c","status":"publish","type":"product","link":"https:\/\/silikotek.sapartners.site\/index.php\/tuote\/akkuporavasara-imuri-m18-chpxde_502c\/","title":{"rendered":"Akkuporavasara + imuri M18 CHPXDE_502C"},"content":{"rendered":"<p>M18 FUEL korkeasuorituskykyinen SDS-plus yhdistelm\u00e4 poravasara p\u00f6lynpoistoj\u00e4rjestelm\u00e4ll\u00e4 jossa HEPA<br \/>suodatin. Hiiliharjatton POWERSTATE\u2122 moottori tarjoaa jopa 2x pidemm\u00e4n moottorin k\u00e4ytt\u00f6i\u00e4n ja jopa<br \/>25% enemm\u00e4n tehoa. 4,5 J iskuenergia. Porauskapasiteetti betoniin 28mm. 5000 iskua\/min. Nelj\u00e4<br \/>monipuolista toimintoa. FIXTEC j\u00e4rjestelm\u00e4 &#8211; avaimettomat ter\u00e4nvaihdot.\u00a0 Virtamittari. Paino akun kanssa<br \/>4.2 kg. Mukana 2 x 5,0 Ah REDLITHIUM-ION\u2122 akut,\u00a0 100 min. laturi, t\u00e4ysmetallinen 13 mm FIXTEC<br \/>istukka, tukikahva, metallinen syvyysrajoitin ja laukku.<\/p>\n","protected":false},"excerpt":{"rendered":"<p>Milwaukee Akkuporavasara + imuri M18 CHPXDE_502C poravasarapaketti p\u00f6lytt\u00f6m\u00e4\u00e4n poraamiseen.<\/p>\n","protected":false},"featured_media":13520,"template":"","meta":{"_et_pb_use_builder":"","_et_pb_old_content":"","_et_gb_content_width":""},"pwb-brand":[],"product_brand":[],"product_cat":[740],"product_tag":[],"class_list":{"0":"post-13522","1":"product","2":"type-product","3":"status-publish","4":"has-post-thumbnail","6":"product_cat-akkuporavasarat","8":"first","9":"instock","10":"taxable","11":"shipping-taxable","12":"purchasable","13":"product-type-simple"},"brands":[],"_links":{"self":[{"href":"https:\/\/silikotek.sapartners.site\/index.php\/wp-json\/wp\/v2\/product\/13522","targetHints":{"allow":["GET"]}}],"collection":[{"href":"https:\/\/silikotek.sapartners.site\/index.php\/wp-json\/wp\/v2\/product"}],"about":[{"href":"https:\/\/silikotek.sapartners.site\/index.php\/wp-json\/wp\/v2\/types\/product"}],"wp:featuredmedia":[{"embeddable":true,"href":"https:\/\/silikotek.sapartners.site\/index.php\/wp-json\/wp\/v2\/media\/13520"}],"wp:attachment":[{"href":"https:\/\/silikotek.sapartners.site\/index.php\/wp-json\/wp\/v2\/media?parent=13522"}],"wp:term":[{"taxonomy":"pwb-brand","embeddable":true,"href":"https:\/\/silikotek.sapartners.site\/index.php\/wp-json\/wp\/v2\/pwb-brand?post=13522"},{"taxonomy":"product_brand","embeddable":true,"href":"https:\/\/silikotek.sapartners.site\/index.php\/wp-json\/wp\/v2\/product_brand?post=13522"},{"taxonomy":"product_cat","embeddable":true,"href":"https:\/\/silikotek.sapartners.site\/index.php\/wp-json\/wp\/v2\/product_cat?post=13522"},{"taxonomy":"product_tag","embeddable":true,"href":"https:\/\/silikotek.sapartners.site\/index.php\/wp-json\/wp\/v2\/product_tag?post=13522"}],"curies":[{"name":"wp","href":"https:\/\/api.w.org\/{rel}","templated":true}]}}