{"id":13510,"date":"2015-11-13T09:30:20","date_gmt":"2015-11-13T09:30:20","guid":{"rendered":"http:\/\/192.168.100.222\/target_carts\/wordpress\/wordpress495\/wordpress\/?product=akku-m12-b2-milwaukee"},"modified":"2021-10-05T10:06:45","modified_gmt":"2021-10-05T07:06:45","slug":"akku-m12-b2-milwaukee","status":"publish","type":"product","link":"https:\/\/silikotek.sapartners.site\/index.php\/tuote\/akku-m12-b2-milwaukee\/","title":{"rendered":"Milwaukee M12 B2 Akku"},"content":{"rendered":"<table class=\"table product__detail-table js-responsive-table\">\n<tbody>\n<tr>\n<th class=\"product__detail-table--no-border table-area-heading\">Tekniset tiedot<\/th>\n<th class=\"product__detail-table--no-border product__detail-table--centered\">\u00a0M12 B2<\/th>\n<\/tr>\n<tr>\n<th>Akkutyyppi<\/th>\n<td data-th=\"Akkutyyppi\">Li-ion<\/td>\n<\/tr>\n<tr>\n<th>Akun kapasiteetti (Ah)<\/th>\n<td data-th=\"Akun kapasiteetti (Ah)\">2.0<\/td>\n<\/tr>\n<tr>\n<th>J\u00e4rjestelm\u00e4<\/th>\n<td data-th=\"J\u00e4rjestelm\u00e4\">M12<\/td>\n<\/tr>\n<tr>\n<th>Latausaika C12-laturilla<\/th>\n<td data-th=\"Latausaika C12-laturilla\">40 min<\/td>\n<\/tr>\n<tr>\n<th>Latausaika M12 C4-laturilla<\/th>\n<td data-th=\"Latausaika M12 C4-laturilla\">40 min<\/td>\n<\/tr>\n<tr>\n<th>Latausaika M12 TC-laturilla<\/th>\n<td data-th=\"Latausaika M12 TC-laturilla\">174 min<\/td>\n<\/tr>\n<tr>\n<th>Latausaika M12-18 AC-laturilla<\/th>\n<td data-th=\"Latausaika M12-18 AC-laturilla\">55 min<\/td>\n<\/tr>\n<tr>\n<th>Latausaika M12-18 C-laturilla<\/th>\n<td data-th=\"Latausaika M12-18 C-laturilla\">40 min<\/td>\n<\/tr>\n<tr>\n<th>Latausaika M12-18 FC-laturilla<\/th>\n<td data-th=\"Latausaika M12-18 FC-laturilla\">20 min<\/td>\n<\/tr>\n<tr>\n<th>Paino (kg)<\/th>\n<td data-th=\"Paino (kg)\">0.2<\/td>\n<\/tr>\n<tr>\n<th>Toimitetaan<\/th>\n<td data-th=\"Toimitetaan\">Toimitetaan ilman laatikkoa<\/td>\n<\/tr>\n<tr>\n<th>Tuotenumero<\/th>\n<td data-th=\"Tuotenumero\">4932430064<\/td>\n<\/tr>\n<tr>\n<th>Voltit (V)<\/th>\n<td data-th=\"Voltit (V)\">12<\/td>\n<\/tr>\n<\/tbody>\n<\/table>\n<p>&nbsp;<\/p>\n","protected":false},"excerpt":{"rendered":"<div class=\"product__description-content js-product-content\">\n<p>\u00c4lyk\u00e4s REDLINK&#x2122;-elektroniikka. Ylikuormitussuoja suojaa ty\u00f6kaluja kuluttavissa ty\u00f6teht\u00e4viss\u00e4. L\u00e4mp\u00f6tilan hallintaj\u00e4rjestelm\u00e4 pit\u00e4\u00e4 akun l\u00e4mp\u00f6tilan sopivalla tasolla ja pident\u00e4\u00e4 n\u00e4in sen k\u00e4ytt\u00f6ik\u00e4\u00e4. Yksitt\u00e4isten akun kennojen valvonta takaa optimaalisen latautumisen ja purkautumisen. Purkautumissuoja est\u00e4\u00e4 kennojen vaurioitumisen.<br \/>\nJopa 2x enemm\u00e4n k\u00e4ytt\u00f6aikaa*, jopa 20 % enemm\u00e4n tehoa*, jopa 2x enemm\u00e4n latauksia*<\/p>\n<p>*Verrattuna muihin Lithium-Ion-teknologioihin ja\/tai aikaisempiin MILWAUKEE\u00ae-akkuteknologioihin. Tulokset riippuvat j\u00e4nnitteest\u00e4, ty\u00f6kalusta ja sovelluksesta<\/p>\n<p>Integroitu, hitsattu runko. Kennojen erottelu. Suojakumi suojaa iskuilta ja t\u00e4rin\u00e4lt\u00e4.<\/p>\n<\/div>\n","protected":false},"featured_media":22699,"template":"","meta":{"_et_pb_use_builder":"","_et_pb_old_content":"","_et_gb_content_width":""},"pwb-brand":[1452],"product_brand":[],"product_cat":[744],"product_tag":[],"class_list":{"0":"post-13510","1":"product","2":"type-product","3":"status-publish","4":"has-post-thumbnail","6":"pwb-brand-milwaukee","7":"product_cat-akut-ja-laturit","9":"first","10":"instock","11":"taxable","12":"shipping-taxable","13":"purchasable","14":"product-type-simple"},"brands":[{"id":1452,"name":"Milwaukee","slug":"milwaukee"}],"_links":{"self":[{"href":"https:\/\/silikotek.sapartners.site\/index.php\/wp-json\/wp\/v2\/product\/13510","targetHints":{"allow":["GET"]}}],"collection":[{"href":"https:\/\/silikotek.sapartners.site\/index.php\/wp-json\/wp\/v2\/product"}],"about":[{"href":"https:\/\/silikotek.sapartners.site\/index.php\/wp-json\/wp\/v2\/types\/product"}],"wp:featuredmedia":[{"embeddable":true,"href":"https:\/\/silikotek.sapartners.site\/index.php\/wp-json\/wp\/v2\/media\/22699"}],"wp:attachment":[{"href":"https:\/\/silikotek.sapartners.site\/index.php\/wp-json\/wp\/v2\/media?parent=13510"}],"wp:term":[{"taxonomy":"pwb-brand","embeddable":true,"href":"https:\/\/silikotek.sapartners.site\/index.php\/wp-json\/wp\/v2\/pwb-brand?post=13510"},{"taxonomy":"product_brand","embeddable":true,"href":"https:\/\/silikotek.sapartners.site\/index.php\/wp-json\/wp\/v2\/product_brand?post=13510"},{"taxonomy":"product_cat","embeddable":true,"href":"https:\/\/silikotek.sapartners.site\/index.php\/wp-json\/wp\/v2\/product_cat?post=13510"},{"taxonomy":"product_tag","embeddable":true,"href":"https:\/\/silikotek.sapartners.site\/index.php\/wp-json\/wp\/v2\/product_tag?post=13510"}],"curies":[{"name":"wp","href":"https:\/\/api.w.org\/{rel}","templated":true}]}}