{"id":13508,"date":"2015-11-13T09:26:15","date_gmt":"2015-11-13T09:26:15","guid":{"rendered":"http:\/\/192.168.100.222\/target_carts\/wordpress\/wordpress495\/wordpress\/?product=akku-m12-b4-milwaukee"},"modified":"2021-10-05T09:55:09","modified_gmt":"2021-10-05T06:55:09","slug":"akku-m12-b4-milwaukee","status":"publish","type":"product","link":"https:\/\/silikotek.sapartners.site\/index.php\/tuote\/akku-m12-b4-milwaukee\/","title":{"rendered":"Milwaukee M12 Akku B4"},"content":{"rendered":"<table class=\"table product__detail-table js-responsive-table\">\n<tbody>\n<tr>\n<th class=\"product__detail-table--no-border table-area-heading\">Tekniset tiedot<\/th>\n<th class=\"product__detail-table--no-border product__detail-table--centered\">\u00a0M12 B4<\/th>\n<\/tr>\n<tr>\n<th>Akkutyyppi<\/th>\n<td data-th=\"Akkutyyppi\">Li-ion<\/td>\n<\/tr>\n<tr>\n<th>Akun kapasiteetti (Ah)<\/th>\n<td data-th=\"Akun kapasiteetti (Ah)\">4.0<\/td>\n<\/tr>\n<tr>\n<th>J\u00e4rjestelm\u00e4<\/th>\n<td data-th=\"J\u00e4rjestelm\u00e4\">M12<\/td>\n<\/tr>\n<tr>\n<th>Latausaika C12-laturilla<\/th>\n<td data-th=\"Latausaika C12-laturilla\">80 min<\/td>\n<\/tr>\n<tr>\n<th>Latausaika M12 C4-laturilla<\/th>\n<td data-th=\"Latausaika M12 C4-laturilla\">80 min<\/td>\n<\/tr>\n<tr>\n<th>Latausaika M12 TC-laturilla<\/th>\n<td data-th=\"Latausaika M12 TC-laturilla\">347 min<\/td>\n<\/tr>\n<tr>\n<th>Latausaika M12-18 AC-laturilla<\/th>\n<td data-th=\"Latausaika M12-18 AC-laturilla\">115 min<\/td>\n<\/tr>\n<tr>\n<th>Latausaika M12-18 C-laturilla<\/th>\n<td data-th=\"Latausaika M12-18 C-laturilla\">80 min<\/td>\n<\/tr>\n<tr>\n<th>Latausaika M12-18 FC-laturilla<\/th>\n<td data-th=\"Latausaika M12-18 FC-laturilla\">40 min<\/td>\n<\/tr>\n<tr>\n<th>Paino (kg)<\/th>\n<td data-th=\"Paino (kg)\">0.4<\/td>\n<\/tr>\n<tr>\n<th>Toimitetaan<\/th>\n<td data-th=\"Toimitetaan\">Toimitetaan ilman laatikkoa<\/td>\n<\/tr>\n<tr>\n<th>Tuotenumero<\/th>\n<td data-th=\"Tuotenumero\">4932430065<\/td>\n<\/tr>\n<tr>\n<th>Voltit (V)<\/th>\n<td data-th=\"Voltit (V)\">12<\/td>\n<\/tr>\n<\/tbody>\n<\/table>\n<p>&nbsp;<\/p>\n","protected":false},"excerpt":{"rendered":"<div id=\"p_lt_ctl01_pageplaceholder_p_lt_ctl01_MilwaukeeProductFeatures_pnlFeatues\" class=\"product__description js-description-mask is-active\">\n<div class=\"product__description-content js-product-content\">\n<p>Tarjoaa jopa 2x enemm\u00e4n k\u00e4yntiaikaa, 20 % enemm\u00e4n voimaa ja 2x pidemm\u00e4n akun k\u00e4ytt\u00f6i\u00e4n verrattuna muihin Lithium-Ion -teknologioihin ja\/tai edelt\u00e4viin MILWAUKEE\u00ae-akkuteknologioihin (tulos riippuu ty\u00f6kalusta ja sovelluksesta). REDLITHIUM&#x2122;-ION-akussa on digitaalinen REDLINK&#x2122;-ylikuormitussuoja, mik\u00e4 est\u00e4\u00e4 akkuk\u00e4ytt\u00f6isen ty\u00f6kalun vahingoittumisen v\u00e4\u00e4rink\u00e4ytt\u00f6tilanteissa.<\/p>\n<p>Yksitt\u00e4isten akun kennojen valvonta optimoi ty\u00f6kalun k\u00e4ytt\u00f6ajan ja varmistaa akun kest\u00e4vyyden. Akun integroitu, hitsattu kehys ja iskunvaimennus est\u00e4v\u00e4t akkua vaurioitumasta t\u00e4rin\u00e4n tai putoamisen seurauksena. Voidaan k\u00e4ytt\u00e4\u00e4 \u00e4\u00e4rimm\u00e4isiss\u00e4 jopa -20\u00b0C l\u00e4mp\u00f6tiloissa tinkim\u00e4tt\u00e4 k\u00e4ytt\u00f6ajasta ja k\u00e4ytt\u00f6i\u00e4st\u00e4.<br \/>\nPurkaussuoja est\u00e4\u00e4 kennon vaurioitumisen syv\u00e4purkautumisen vuoksi.<\/p>\n<\/div>\n<\/div>\n","protected":false},"featured_media":22702,"template":"","meta":{"_et_pb_use_builder":"","_et_pb_old_content":"","_et_gb_content_width":""},"pwb-brand":[1452],"product_brand":[],"product_cat":[744],"product_tag":[],"class_list":{"0":"post-13508","1":"product","2":"type-product","3":"status-publish","4":"has-post-thumbnail","6":"pwb-brand-milwaukee","7":"product_cat-akut-ja-laturit","9":"first","10":"instock","11":"taxable","12":"shipping-taxable","13":"purchasable","14":"product-type-simple"},"brands":[{"id":1452,"name":"Milwaukee","slug":"milwaukee"}],"_links":{"self":[{"href":"https:\/\/silikotek.sapartners.site\/index.php\/wp-json\/wp\/v2\/product\/13508","targetHints":{"allow":["GET"]}}],"collection":[{"href":"https:\/\/silikotek.sapartners.site\/index.php\/wp-json\/wp\/v2\/product"}],"about":[{"href":"https:\/\/silikotek.sapartners.site\/index.php\/wp-json\/wp\/v2\/types\/product"}],"wp:featuredmedia":[{"embeddable":true,"href":"https:\/\/silikotek.sapartners.site\/index.php\/wp-json\/wp\/v2\/media\/22702"}],"wp:attachment":[{"href":"https:\/\/silikotek.sapartners.site\/index.php\/wp-json\/wp\/v2\/media?parent=13508"}],"wp:term":[{"taxonomy":"pwb-brand","embeddable":true,"href":"https:\/\/silikotek.sapartners.site\/index.php\/wp-json\/wp\/v2\/pwb-brand?post=13508"},{"taxonomy":"product_brand","embeddable":true,"href":"https:\/\/silikotek.sapartners.site\/index.php\/wp-json\/wp\/v2\/product_brand?post=13508"},{"taxonomy":"product_cat","embeddable":true,"href":"https:\/\/silikotek.sapartners.site\/index.php\/wp-json\/wp\/v2\/product_cat?post=13508"},{"taxonomy":"product_tag","embeddable":true,"href":"https:\/\/silikotek.sapartners.site\/index.php\/wp-json\/wp\/v2\/product_tag?post=13508"}],"curies":[{"name":"wp","href":"https:\/\/api.w.org\/{rel}","templated":true}]}}