{"id":13504,"date":"2015-11-13T09:07:25","date_gmt":"2015-11-13T09:07:25","guid":{"rendered":"http:\/\/192.168.100.222\/target_carts\/wordpress\/wordpress495\/wordpress\/?product=akkulaturi-m12-18fc-milwaukee"},"modified":"2021-10-05T10:05:33","modified_gmt":"2021-10-05T07:05:33","slug":"akkulaturi-m12-18fc-milwaukee","status":"publish","type":"product","link":"https:\/\/silikotek.sapartners.site\/index.php\/tuote\/akkulaturi-m12-18fc-milwaukee\/","title":{"rendered":"Milwaukee M12 Akkulaturi 18FC"},"content":{"rendered":"<table class=\"table product__detail-table js-responsive-table\">\n<tbody>\n<tr>\n<th class=\"product__detail-table--no-border table-area-heading\">Tekniset tiedot<\/th>\n<th class=\"product__detail-table--no-border product__detail-table--centered\">\u00a0M12-18 FC<\/th>\n<\/tr>\n<tr>\n<th>Akkutyyppi<\/th>\n<td data-th=\"Akkutyyppi\">Li-ion<\/td>\n<\/tr>\n<tr>\n<th>Akun kapasiteetti (Ah)<\/th>\n<td data-th=\"Akun kapasiteetti (Ah)\">2.0, 4.0, 5.0, 6.0, 9.0, 3.0, 5.5, 8.0, 12.0<\/td>\n<\/tr>\n<tr>\n<th>J\u00e4rjestelm\u00e4<\/th>\n<td data-th=\"J\u00e4rjestelm\u00e4\">M12,M14,M18<\/td>\n<\/tr>\n<tr>\n<th>Latausaika (min)<\/th>\n<td data-th=\"Latausaika (min)\">26\/47\/59\/68\/95\/35\/60\/87\/130<\/td>\n<\/tr>\n<tr>\n<th>Latausportti<\/th>\n<td data-th=\"Latausportti\">1 x M12&#x2122;, 1 x M18&#x2122;<\/td>\n<\/tr>\n<tr>\n<th>Lataustapa<\/th>\n<td data-th=\"Lataustapa\">Per\u00e4kk\u00e4inen<\/td>\n<\/tr>\n<tr>\n<th>Li-Ion akkukoneisiin<\/th>\n<td data-th=\"Li-Ion akkukoneisiin\">Kyll\u00e4<\/td>\n<\/tr>\n<tr>\n<th>NiCd-akkukoneisiin<\/th>\n<td data-th=\"NiCd-akkukoneisiin\">Ei<\/td>\n<\/tr>\n<tr>\n<th>NiMH-akkukoneisiin<\/th>\n<td data-th=\"NiMH-akkukoneisiin\">Ei<\/td>\n<\/tr>\n<tr>\n<th>Tuotenumero<\/th>\n<td data-th=\"Tuotenumero\">4932451079<\/td>\n<\/tr>\n<tr>\n<th>Virtal\u00e4hde<\/th>\n<td data-th=\"Virtal\u00e4hde\">AC<\/td>\n<\/tr>\n<tr>\n<th>Voidaan kiinnitt\u00e4\u00e4 sein\u00e4\u00e4n<\/th>\n<td data-th=\"Voidaan kiinnitt\u00e4\u00e4 sein\u00e4\u00e4n\">&#x2714;<\/td>\n<\/tr>\n<\/tbody>\n<\/table>\n<p>&nbsp;<\/p>\n","protected":false},"excerpt":{"rendered":"<div id=\"p_lt_ctl01_pageplaceholder_p_lt_ctl01_MilwaukeeProductFeatures_pnlFeatues\" class=\"product__description js-description-mask is-active\">\n<div class=\"product__description-content js-product-content\">\n<p>Lataa kaikki M18&#x2122;, M14&#x2122; ja M12&#x2122; REDLITHIUM&#x2122;-ION -akut. Lataa akut per\u00e4kk\u00e4in, jolloin ensimm\u00e4isen\u00e4 laturiin laitettu akku ladataan ensimm\u00e4iseksi, ja n\u00e4in lataussyklien hallintaan kuluu v\u00e4hemm\u00e4n aikaa.<\/p>\n<p>M12&#x2122; REDLITHIUM&#x2122;-ION 2,0 Ah \/ 3,0 Ah \/ 4,0 Ah \/ 6,0 Ah -akut latautuvat 28 \/ 45\/ 57 \/ 90 minuutissa tai jopa nopeammin.<br \/>\nM18&#x2122; REDLITHIUM&#x2122;-ION 2,0 Ah \/ 4,0 Ah \/ 5,0 Ah \/ 6,0 Ah \/ 9,0 Ah -akut latautuvat 26 \/ 47 \/ 59 \/ 68 \/ 95 minuutissa tai jopa nopeammin<\/p>\n<\/div>\n<\/div>\n","protected":false},"featured_media":22705,"template":"","meta":{"_et_pb_use_builder":"","_et_pb_old_content":"","_et_gb_content_width":""},"pwb-brand":[1452],"product_brand":[],"product_cat":[744],"product_tag":[],"class_list":{"0":"post-13504","1":"product","2":"type-product","3":"status-publish","4":"has-post-thumbnail","6":"pwb-brand-milwaukee","7":"product_cat-akut-ja-laturit","9":"first","10":"instock","11":"taxable","12":"shipping-taxable","13":"purchasable","14":"product-type-simple"},"brands":[{"id":1452,"name":"Milwaukee","slug":"milwaukee"}],"_links":{"self":[{"href":"https:\/\/silikotek.sapartners.site\/index.php\/wp-json\/wp\/v2\/product\/13504","targetHints":{"allow":["GET"]}}],"collection":[{"href":"https:\/\/silikotek.sapartners.site\/index.php\/wp-json\/wp\/v2\/product"}],"about":[{"href":"https:\/\/silikotek.sapartners.site\/index.php\/wp-json\/wp\/v2\/types\/product"}],"wp:featuredmedia":[{"embeddable":true,"href":"https:\/\/silikotek.sapartners.site\/index.php\/wp-json\/wp\/v2\/media\/22705"}],"wp:attachment":[{"href":"https:\/\/silikotek.sapartners.site\/index.php\/wp-json\/wp\/v2\/media?parent=13504"}],"wp:term":[{"taxonomy":"pwb-brand","embeddable":true,"href":"https:\/\/silikotek.sapartners.site\/index.php\/wp-json\/wp\/v2\/pwb-brand?post=13504"},{"taxonomy":"product_brand","embeddable":true,"href":"https:\/\/silikotek.sapartners.site\/index.php\/wp-json\/wp\/v2\/product_brand?post=13504"},{"taxonomy":"product_cat","embeddable":true,"href":"https:\/\/silikotek.sapartners.site\/index.php\/wp-json\/wp\/v2\/product_cat?post=13504"},{"taxonomy":"product_tag","embeddable":true,"href":"https:\/\/silikotek.sapartners.site\/index.php\/wp-json\/wp\/v2\/product_tag?post=13504"}],"curies":[{"name":"wp","href":"https:\/\/api.w.org\/{rel}","templated":true}]}}