{"id":13482,"date":"2015-11-11T16:23:33","date_gmt":"2015-11-11T16:23:33","guid":{"rendered":"http:\/\/192.168.100.222\/target_carts\/wordpress\/wordpress495\/wordpress\/?product=akkuporavasara-sds-plus-m18-hx-0-milwaukee"},"modified":"2015-11-11T16:24:37","modified_gmt":"2015-11-11T16:24:37","slug":"akkuporavasara-sds-plus-m18-hx-0-milwaukee","status":"publish","type":"product","link":"https:\/\/silikotek.sapartners.site\/index.php\/tuote\/akkuporavasara-sds-plus-m18-hx-0-milwaukee\/","title":{"rendered":"Akkuporavasara SDS-Plus M18 HX-0 Milwaukee"},"content":{"rendered":"<p>Kompakti M18 SDS Plus poravasara tehokkaalla Milwaukee moottorilla tarjoaa johdollisen koneen<br \/>tehoa.Milwaukeen patentoima DPM elektroniikka tarjoaa vallankumouksellista kest\u00e4vyytt\u00e4 &#8211; suojaa sek\u00e4<br \/>akkua ett\u00e4 ty\u00f6kalua ylikuormitukselta ja ylikuumenemiselta. L-muotoinen rakenne tarjoaa t\u00e4ydellisen<br \/>tasapainon sek\u00e4 kontrollin. Roto-Stop talttaukseen. Metallinen vaihdepes\u00e4. Lohkorakenne maksimaalista<br \/>kest\u00e4vyytt\u00e4. FIXTEC helppoihin ja nopeisiin ter\u00e4nvaihtoihin ilman avaimia. Iskuenergia 2,4 J. Maks.<br \/>porauskapasiteetti betoniin 24 mm. Matala t\u00e4rin\u00e4taso, 10,3 m\/s\u00b2 mahdollistaa pitk\u00e4n p\u00e4ivitt\u00e4isen k\u00e4yt\u00f6n,<br \/>148 minuuttia p\u00e4iv\u00e4ss\u00e4. Softgrip. Paino akulla 3,7 kg.\u00a0 Laatikko, ilman akkua ja laturia, sivukahva<br \/>metallisella syvyysrajoittimella, laatikko<\/p>\n","protected":false},"excerpt":{"rendered":"<p>Akkuporavasara SDS-Plus M18 HX-0 Milwaukee<\/p>\n","protected":false},"featured_media":13481,"template":"","meta":{"_et_pb_use_builder":"","_et_pb_old_content":"","_et_gb_content_width":""},"pwb-brand":[],"product_brand":[],"product_cat":[740],"product_tag":[],"class_list":{"0":"post-13482","1":"product","2":"type-product","3":"status-publish","4":"has-post-thumbnail","6":"product_cat-akkuporavasarat","8":"first","9":"instock","10":"taxable","11":"shipping-taxable","12":"purchasable","13":"product-type-simple"},"brands":[],"_links":{"self":[{"href":"https:\/\/silikotek.sapartners.site\/index.php\/wp-json\/wp\/v2\/product\/13482","targetHints":{"allow":["GET"]}}],"collection":[{"href":"https:\/\/silikotek.sapartners.site\/index.php\/wp-json\/wp\/v2\/product"}],"about":[{"href":"https:\/\/silikotek.sapartners.site\/index.php\/wp-json\/wp\/v2\/types\/product"}],"wp:featuredmedia":[{"embeddable":true,"href":"https:\/\/silikotek.sapartners.site\/index.php\/wp-json\/wp\/v2\/media\/13481"}],"wp:attachment":[{"href":"https:\/\/silikotek.sapartners.site\/index.php\/wp-json\/wp\/v2\/media?parent=13482"}],"wp:term":[{"taxonomy":"pwb-brand","embeddable":true,"href":"https:\/\/silikotek.sapartners.site\/index.php\/wp-json\/wp\/v2\/pwb-brand?post=13482"},{"taxonomy":"product_brand","embeddable":true,"href":"https:\/\/silikotek.sapartners.site\/index.php\/wp-json\/wp\/v2\/product_brand?post=13482"},{"taxonomy":"product_cat","embeddable":true,"href":"https:\/\/silikotek.sapartners.site\/index.php\/wp-json\/wp\/v2\/product_cat?post=13482"},{"taxonomy":"product_tag","embeddable":true,"href":"https:\/\/silikotek.sapartners.site\/index.php\/wp-json\/wp\/v2\/product_tag?post=13482"}],"curies":[{"name":"wp","href":"https:\/\/api.w.org\/{rel}","templated":true}]}}