{"id":13433,"date":"2015-11-09T15:01:03","date_gmt":"2015-11-09T15:01:03","guid":{"rendered":"http:\/\/192.168.100.222\/target_carts\/wordpress\/wordpress495\/wordpress\/?product=monitoimityokalu-m18-bmt-421c-milwaukee"},"modified":"2021-03-23T12:47:19","modified_gmt":"2021-03-23T10:47:19","slug":"monitoimityokalu-m18-bmt-421c-milwaukee","status":"publish","type":"product","link":"https:\/\/silikotek.sapartners.site\/index.php\/tuote\/monitoimityokalu-m18-bmt-421c-milwaukee\/","title":{"rendered":"Milwaukee M18 BMT-421C Monitoimity\u00f6kalu"},"content":{"rendered":"<p>[et_pb_section fb_built=&#8221;1&#8243; _builder_version=&#8221;3.22&#8243; custom_padding=&#8221;0px||||false|false&#8221;][et_pb_row _builder_version=&#8221;3.25&#8243; background_size=&#8221;initial&#8221; background_position=&#8221;top_left&#8221; background_repeat=&#8221;repeat&#8221; width=&#8221;100%&#8221; custom_padding=&#8221;0px||0px||false|false&#8221;][et_pb_column type=&#8221;4_4&#8243; _builder_version=&#8221;3.25&#8243; custom_padding=&#8221;|||&#8221; custom_padding__hover=&#8221;|||&#8221;][et_pb_wc_breadcrumb _builder_version=&#8221;3.0.47&#8243;][\/et_pb_wc_breadcrumb][et_pb_wc_cart_notice _builder_version=&#8221;3.0.47&#8243;][\/et_pb_wc_cart_notice][\/et_pb_column][\/et_pb_row][et_pb_row column_structure=&#8221;1_2,1_2&#8243; _builder_version=&#8221;3.25&#8243; background_size=&#8221;initial&#8221; background_position=&#8221;top_left&#8221; background_repeat=&#8221;repeat&#8221; width=&#8221;100%&#8221; custom_padding=&#8221;0px||||false|false&#8221;][et_pb_column type=&#8221;1_2&#8243; _builder_version=&#8221;3.25&#8243; custom_padding=&#8221;|||&#8221; custom_padding__hover=&#8221;|||&#8221;][et_pb_wc_images _builder_version=&#8221;3.0.47&#8243;][\/et_pb_wc_images][\/et_pb_column][et_pb_column type=&#8221;1_2&#8243; _builder_version=&#8221;3.25&#8243; custom_padding=&#8221;|||&#8221; custom_padding__hover=&#8221;|||&#8221;][et_pb_wc_title _builder_version=&#8221;3.0.47&#8243;][\/et_pb_wc_title][et_pb_wc_rating _builder_version=&#8221;3.0.47&#8243;][\/et_pb_wc_rating][et_pb_wc_price _builder_version=&#8221;3.0.47&#8243;][\/et_pb_wc_price][et_pb_wc_description _builder_version=&#8221;3.0.47&#8243;][\/et_pb_wc_description][et_pb_wc_add_to_cart _builder_version=&#8221;3.0.47&#8243;][\/et_pb_wc_add_to_cart][et_pb_wc_meta _builder_version=&#8221;3.0.47&#8243;][\/et_pb_wc_meta][\/et_pb_column][\/et_pb_row][et_pb_row _builder_version=&#8221;3.25&#8243; background_size=&#8221;initial&#8221; background_position=&#8221;top_left&#8221; background_repeat=&#8221;repeat&#8221; width=&#8221;100%&#8221;][et_pb_column type=&#8221;4_4&#8243; _builder_version=&#8221;3.25&#8243; custom_padding=&#8221;|||&#8221; custom_padding__hover=&#8221;|||&#8221;][et_pb_wc_tabs _builder_version=&#8221;3.0.47&#8243;]\t\t\t\t\t[\/et_pb_wc_tabs][et_pb_wc_upsells _builder_version=&#8221;3.0.47&#8243;][\/et_pb_wc_upsells][et_pb_wc_related_products _builder_version=&#8221;3.0.47&#8243;][\/et_pb_wc_related_products][\/et_pb_column][\/et_pb_row][\/et_pb_section][et_pb_section fb_built=&#8221;1&#8243; _builder_version=&#8221;3.22&#8243;][et_pb_row _builder_version=&#8221;3.25&#8243; background_size=&#8221;initial&#8221; background_position=&#8221;top_left&#8221; background_repeat=&#8221;repeat&#8221;][et_pb_column type=&#8221;4_4&#8243; _builder_version=&#8221;3.25&#8243; custom_padding=&#8221;|||&#8221; custom_padding__hover=&#8221;|||&#8221;][et_pb_text _builder_version=&#8221;3.27.4&#8243;]<\/p>\n<ul>\n<li>REDLINK&#x2122;-ylikuormitussuojan elektroniikka ty\u00f6kaluissa ja akussa tuottaa luokkansa parhaan kest\u00e4vyyden<\/li>\n<li>12 nopeusasetista (12 000 &#8211; 18 000 rpm) ja 3,4\u00b0 vasen\/oikea v\u00e4r\u00e4htelykulma mahdollistaa nopeat, ammattitasoiset toiminnot eri materiaaleihin kuten metalli, puu ja muovi<\/li>\n<li>Tehokkuutta lis\u00e4\u00e4v\u00e4 FIXTEC avaimeton ter\u00e4n vaihto. Mukana yleisadapteri, johon sopivat my\u00f6s muiden valmistajien ter\u00e4t<\/li>\n<li>REDLITHIUM-ION&#x2122;-akun ylivoimainen rakenne, elektroniikka ja jatkuva suorituskyky takaavat pidemm\u00e4n k\u00e4ytt\u00f6ajan ja -i\u00e4n<\/li>\n<li>Ainutlaatuinen leikkuusyvyyden rajoitin est\u00e4\u00e4 materiaalin ylileikkaamisen<\/li>\n<li>Ainutlaatuinen p\u00f6lynpoistoj\u00e4rjestelm\u00e4 auttaa pit\u00e4m\u00e4\u00e4n ty\u00f6tilan vapaana p\u00f6lyst\u00e4 kun laite on kytkettyn\u00e4 verkkovirtak\u00e4ytt\u00f6iseen p\u00f6lynimuriin<\/li>\n<li>Kirkas LED-ty\u00f6valo valaisee ty\u00f6stett\u00e4v\u00e4n pinnan<\/li>\n<li>Toimii kaikilla Milwaukee\u00ae M18&#x2122; -akuilla<\/li>\n<\/ul>\n<p>[\/et_pb_text][et_pb_video src=&#8221;https:\/\/youtu.be\/jt_VXe70Ehk&#8221; _builder_version=&#8221;3.19.18&#8243;][\/et_pb_video][\/et_pb_column][\/et_pb_row][\/et_pb_section]<\/p>\n","protected":false},"excerpt":{"rendered":"<p>Jopa 50 % nopeampi ja monipuolisempi akkuk\u00e4ytt\u00f6inen ratkaisu sahaamiseen sek\u00e4 materiaalin tehokkaaseen poistoon.<\/p>\n","protected":false},"featured_media":24920,"template":"","meta":{"_et_pb_use_builder":"on","_et_pb_old_content":"Kompakti M18 monitoimity\u00f6kalu. S\u00e4\u00e4dett\u00e4v\u00e4 nopeus 12 nopeusasetusta 12 000-18 000 v\u00e4r\u00e4hdyst\u00e4\/min\r\nsuoriutuu erilaisita materiaaleista kuten metallista, muovista, puusta, kipsist\u00e4 sek\u00e4 PVCst\u00e4. 1,7\u00b0\r\nv\u00e4r\u00e4htelykulma. Monipuolinen akkuk\u00e4ytt\u00f6inen ratkaisu leikkaus-, sahaus- ja irroitussovelluksiin.\r\nTarvikkeiden pikaliit\u00e4nt\u00e4. Yhteensopiva markkinoiden kaikkien tarvikkeiden kanssa. REDLITHIUM-ION\u2122\r\nakku tarjoaa pidemp\u00e4\u00e4 k\u00e4ytt\u00f6aikaa ja optimaalista kest\u00e4vyytt\u00e4. Virtaindikaattori joka n\u00e4ytt\u00e4\u00e4 paljon akussa\r\non virtaa j\u00e4ljell\u00e4. Paino akun kanssa 1,7 kg. Mukana adapteri, pistosahanter\u00e4, hionta-alusta, 5 x\r\nhiomapaperia, 1 X 2,0 ja 1 X 4,0 Ah REDLITHIUM-ION\u2122 akku, 40\/80 min laturi ja laukku.","_et_gb_content_width":""},"pwb-brand":[1452],"product_brand":[],"product_cat":[1715],"product_tag":[1717,1716],"class_list":{"0":"post-13433","1":"product","2":"type-product","3":"status-publish","4":"has-post-thumbnail","6":"pwb-brand-milwaukee","7":"product_cat-akkumonitoimikoneet","8":"product_tag-akkumonitoimityokalu","9":"product_tag-multimaster","11":"first","12":"instock","13":"taxable","14":"shipping-taxable","15":"purchasable","16":"product-type-simple"},"brands":[{"id":1452,"name":"Milwaukee","slug":"milwaukee"}],"_links":{"self":[{"href":"https:\/\/silikotek.sapartners.site\/index.php\/wp-json\/wp\/v2\/product\/13433","targetHints":{"allow":["GET"]}}],"collection":[{"href":"https:\/\/silikotek.sapartners.site\/index.php\/wp-json\/wp\/v2\/product"}],"about":[{"href":"https:\/\/silikotek.sapartners.site\/index.php\/wp-json\/wp\/v2\/types\/product"}],"wp:featuredmedia":[{"embeddable":true,"href":"https:\/\/silikotek.sapartners.site\/index.php\/wp-json\/wp\/v2\/media\/24920"}],"wp:attachment":[{"href":"https:\/\/silikotek.sapartners.site\/index.php\/wp-json\/wp\/v2\/media?parent=13433"}],"wp:term":[{"taxonomy":"pwb-brand","embeddable":true,"href":"https:\/\/silikotek.sapartners.site\/index.php\/wp-json\/wp\/v2\/pwb-brand?post=13433"},{"taxonomy":"product_brand","embeddable":true,"href":"https:\/\/silikotek.sapartners.site\/index.php\/wp-json\/wp\/v2\/product_brand?post=13433"},{"taxonomy":"product_cat","embeddable":true,"href":"https:\/\/silikotek.sapartners.site\/index.php\/wp-json\/wp\/v2\/product_cat?post=13433"},{"taxonomy":"product_tag","embeddable":true,"href":"https:\/\/silikotek.sapartners.site\/index.php\/wp-json\/wp\/v2\/product_tag?post=13433"}],"curies":[{"name":"wp","href":"https:\/\/api.w.org\/{rel}","templated":true}]}}