{"id":13421,"date":"2015-11-09T13:12:42","date_gmt":"2015-11-09T13:12:42","guid":{"rendered":"http:\/\/192.168.100.222\/target_carts\/wordpress\/wordpress495\/wordpress\/?product=kohdevalaisn-trueview-m12-sl-0"},"modified":"2021-01-26T14:03:19","modified_gmt":"2021-01-26T12:03:19","slug":"kohdevalaisn-trueview-m12-sl-0","status":"publish","type":"product","link":"https:\/\/silikotek.sapartners.site\/index.php\/tuote\/kohdevalaisn-trueview-m12-sl-0\/","title":{"rendered":"Milwaukee Kohdevalaisn Trueview M12 SL-0"},"content":{"rendered":"<p>M12 valoputkivalaisin. LED valo valaiseen kolmella eri vahvuudella ja antaa 180 lumen ja 120 lux. Voit<br \/>\nlaittaa valaisimen roikkumaan s\u00e4\u00e4dett\u00e4v\u00e4st\u00e4 metallikoukkusta. Laatikossa, ilman akkua ja laturia.<\/p>\n","protected":false},"excerpt":{"rendered":"<p>Akkukohdevalaisn Trueview M12 SL-0<\/p>\n","protected":false},"featured_media":18393,"template":"","meta":{"_et_pb_use_builder":"off","_et_pb_old_content":"M12 valoputkivalaisin. LED valo valaiseen kolmella eri vahvuudella ja antaa 180 lumen ja 120 lux. Voit\r\nlaittaa valaisimen roikkumaan s\u00e4\u00e4dett\u00e4v\u00e4st\u00e4 metallikoukkusta. Laatikossa, ilman akkua ja laturia.","_et_gb_content_width":""},"pwb-brand":[1452],"product_brand":[],"product_cat":[475],"product_tag":[],"class_list":{"0":"post-13421","1":"product","2":"type-product","3":"status-publish","4":"has-post-thumbnail","6":"pwb-brand-milwaukee","7":"product_cat-ladattavat-valaisimet","9":"first","10":"instock","11":"taxable","12":"shipping-taxable","13":"purchasable","14":"product-type-simple"},"brands":[{"id":1452,"name":"Milwaukee","slug":"milwaukee"}],"_links":{"self":[{"href":"https:\/\/silikotek.sapartners.site\/index.php\/wp-json\/wp\/v2\/product\/13421","targetHints":{"allow":["GET"]}}],"collection":[{"href":"https:\/\/silikotek.sapartners.site\/index.php\/wp-json\/wp\/v2\/product"}],"about":[{"href":"https:\/\/silikotek.sapartners.site\/index.php\/wp-json\/wp\/v2\/types\/product"}],"wp:featuredmedia":[{"embeddable":true,"href":"https:\/\/silikotek.sapartners.site\/index.php\/wp-json\/wp\/v2\/media\/18393"}],"wp:attachment":[{"href":"https:\/\/silikotek.sapartners.site\/index.php\/wp-json\/wp\/v2\/media?parent=13421"}],"wp:term":[{"taxonomy":"pwb-brand","embeddable":true,"href":"https:\/\/silikotek.sapartners.site\/index.php\/wp-json\/wp\/v2\/pwb-brand?post=13421"},{"taxonomy":"product_brand","embeddable":true,"href":"https:\/\/silikotek.sapartners.site\/index.php\/wp-json\/wp\/v2\/product_brand?post=13421"},{"taxonomy":"product_cat","embeddable":true,"href":"https:\/\/silikotek.sapartners.site\/index.php\/wp-json\/wp\/v2\/product_cat?post=13421"},{"taxonomy":"product_tag","embeddable":true,"href":"https:\/\/silikotek.sapartners.site\/index.php\/wp-json\/wp\/v2\/product_tag?post=13421"}],"curies":[{"name":"wp","href":"https:\/\/api.w.org\/{rel}","templated":true}]}}