{"id":13419,"date":"2015-11-09T13:01:32","date_gmt":"2015-11-09T13:01:32","guid":{"rendered":"http:\/\/192.168.100.222\/target_carts\/wordpress\/wordpress495\/wordpress\/?product=laturi-m12-c4-milwaukee"},"modified":"2021-10-05T10:09:23","modified_gmt":"2021-10-05T07:09:23","slug":"laturi-m12-c4-milwaukee","status":"publish","type":"product","link":"https:\/\/silikotek.sapartners.site\/index.php\/tuote\/laturi-m12-c4-milwaukee\/","title":{"rendered":"Milwaukee M12 C4 Nelipaikkainen Akkulaturi"},"content":{"rendered":"<table class=\"table product__detail-table js-responsive-table\">\n<tbody>\n<tr>\n<th class=\"product__detail-table--no-border table-area-heading\">Tekniset tiedot<\/th>\n<th class=\"product__detail-table--no-border product__detail-table--centered\">\u00a0M12 C4<\/th>\n<\/tr>\n<tr>\n<th>Akun kapasiteetti (Ah)<\/th>\n<td data-th=\"Akun kapasiteetti (Ah)\">2.0, 3.0, 4.0, 6.0<\/td>\n<\/tr>\n<tr>\n<th>J\u00e4rjestelm\u00e4<\/th>\n<td data-th=\"J\u00e4rjestelm\u00e4\">M12<\/td>\n<\/tr>\n<tr>\n<th>Latausaika (min)<\/th>\n<td data-th=\"Latausaika (min)\">40\/70\/80\/130<\/td>\n<\/tr>\n<tr>\n<th>Latausportti<\/th>\n<td data-th=\"Latausportti\">4 x M12&#x2122;<\/td>\n<\/tr>\n<tr>\n<th>Lataustapa<\/th>\n<td data-th=\"Lataustapa\">Per\u00e4kk\u00e4inen<\/td>\n<\/tr>\n<tr>\n<th>Li-Ion akkukoneisiin<\/th>\n<td data-th=\"Li-Ion akkukoneisiin\">Kyll\u00e4<\/td>\n<\/tr>\n<tr>\n<th>NiCd-akkukoneisiin<\/th>\n<td data-th=\"NiCd-akkukoneisiin\">Ei<\/td>\n<\/tr>\n<tr>\n<th>NiMH-akkukoneisiin<\/th>\n<td data-th=\"NiMH-akkukoneisiin\">Ei<\/td>\n<\/tr>\n<tr>\n<th>Tuotenumero<\/th>\n<td data-th=\"Tuotenumero\">4932430554<\/td>\n<\/tr>\n<tr>\n<th>Virtal\u00e4hde<\/th>\n<td data-th=\"Virtal\u00e4hde\">AC<\/td>\n<\/tr>\n<tr>\n<th>Voidaan kiinnitt\u00e4\u00e4 sein\u00e4\u00e4n<\/th>\n<td data-th=\"Voidaan kiinnitt\u00e4\u00e4 sein\u00e4\u00e4n\">&#x2714;<\/td>\n<\/tr>\n<\/tbody>\n<\/table>\n<p><iframe loading=\"lazy\" title=\"Milwaukee\u00ae M12\u2122 System Overview\" width=\"1080\" height=\"608\" src=\"https:\/\/www.youtube.com\/embed\/dj4FaxDWyks?feature=oembed\"  allow=\"accelerometer; autoplay; clipboard-write; encrypted-media; gyroscope; picture-in-picture\" allowfullscreen><\/iframe><\/p>\n<p>&nbsp;<\/p>\n","protected":false},"excerpt":{"rendered":"<div id=\"p_lt_ctl01_pageplaceholder_p_lt_ctl01_MilwaukeeProductFeatures_pnlFeatues\" class=\"product__description js-description-mask is-active\">\n<div class=\"product__description-content js-product-content\">\n<p>Lataa jopa nelj\u00e4 akkua toisensa j\u00e4lkeen. Valitse latausportti jonka haluat latautuvan ensiksi. Integroidut rei\u00e4t laturin ripustamiseen.<br \/>\nKompakti koko.<\/p>\n<\/div>\n<\/div>\n","protected":false},"featured_media":22711,"template":"","meta":{"_et_pb_use_builder":"","_et_pb_old_content":"","_et_gb_content_width":""},"pwb-brand":[1452],"product_brand":[],"product_cat":[744],"product_tag":[],"class_list":{"0":"post-13419","1":"product","2":"type-product","3":"status-publish","4":"has-post-thumbnail","6":"pwb-brand-milwaukee","7":"product_cat-akut-ja-laturit","9":"first","10":"instock","11":"taxable","12":"shipping-taxable","13":"purchasable","14":"product-type-simple"},"brands":[{"id":1452,"name":"Milwaukee","slug":"milwaukee"}],"_links":{"self":[{"href":"https:\/\/silikotek.sapartners.site\/index.php\/wp-json\/wp\/v2\/product\/13419","targetHints":{"allow":["GET"]}}],"collection":[{"href":"https:\/\/silikotek.sapartners.site\/index.php\/wp-json\/wp\/v2\/product"}],"about":[{"href":"https:\/\/silikotek.sapartners.site\/index.php\/wp-json\/wp\/v2\/types\/product"}],"wp:featuredmedia":[{"embeddable":true,"href":"https:\/\/silikotek.sapartners.site\/index.php\/wp-json\/wp\/v2\/media\/22711"}],"wp:attachment":[{"href":"https:\/\/silikotek.sapartners.site\/index.php\/wp-json\/wp\/v2\/media?parent=13419"}],"wp:term":[{"taxonomy":"pwb-brand","embeddable":true,"href":"https:\/\/silikotek.sapartners.site\/index.php\/wp-json\/wp\/v2\/pwb-brand?post=13419"},{"taxonomy":"product_brand","embeddable":true,"href":"https:\/\/silikotek.sapartners.site\/index.php\/wp-json\/wp\/v2\/product_brand?post=13419"},{"taxonomy":"product_cat","embeddable":true,"href":"https:\/\/silikotek.sapartners.site\/index.php\/wp-json\/wp\/v2\/product_cat?post=13419"},{"taxonomy":"product_tag","embeddable":true,"href":"https:\/\/silikotek.sapartners.site\/index.php\/wp-json\/wp\/v2\/product_tag?post=13419"}],"curies":[{"name":"wp","href":"https:\/\/api.w.org\/{rel}","templated":true}]}}