{"id":13341,"date":"2015-11-06T12:22:02","date_gmt":"2015-11-06T12:22:02","guid":{"rendered":"http:\/\/192.168.100.222\/target_carts\/wordpress\/wordpress495\/wordpress\/?product=m18-cag-125x-0-kulmahiomakone-125mm-milwaukee"},"modified":"2019-08-21T09:45:15","modified_gmt":"2019-08-21T06:45:15","slug":"m18-cag-125x-0-kulmahiomakone-125mm-milwaukee","status":"publish","type":"product","link":"https:\/\/silikotek.sapartners.site\/index.php\/tuote\/m18-cag-125x-0-kulmahiomakone-125mm-milwaukee\/","title":{"rendered":"Milwaukee M18 Kulmahiomakone 125mm CAG-125X-0"},"content":{"rendered":"<table class=\"table product__detail-table js-responsive-table\">\n<tbody>\n<tr>\n<th class=\"product__detail-table--no-border table-area-heading\">Tekniset tiedot<\/th>\n<th class=\"product__detail-table--no-border product__detail-table--centered\"><\/th>\n<th class=\"product__detail-table--no-border product__detail-table--centered\"><\/th>\n<th class=\"product__detail-table--no-border product__detail-table--centered\" style=\"text-align: left;\">M18 CAG125X-0<\/th>\n<\/tr>\n<tr>\n<th>Akkutyyppi<\/th>\n<td data-th=\"Akkutyyppi\"><\/td>\n<td data-th=\"Akkutyyppi\"><\/td>\n<td data-th=\"Akkutyyppi\">Li-ion<\/td>\n<\/tr>\n<tr>\n<th>Brake<\/th>\n<td data-th=\"Brake\"><\/td>\n<td data-th=\"Brake\"><\/td>\n<td data-th=\"Brake\">\u2212<\/td>\n<\/tr>\n<tr>\n<th>J\u00e4lleenk\u00e4ynnistymissuoja<\/th>\n<td data-th=\"J\u00e4lleenk\u00e4ynnistymissuoja\"><\/td>\n<td data-th=\"J\u00e4lleenk\u00e4ynnistymissuoja\"><\/td>\n<td data-th=\"J\u00e4lleenk\u00e4ynnistymissuoja\">Kyll\u00e4<\/td>\n<\/tr>\n<tr>\n<th>Karankoko<\/th>\n<td data-th=\"Karankoko\"><\/td>\n<td data-th=\"Karankoko\"><\/td>\n<td data-th=\"Karankoko\">M 14<\/td>\n<\/tr>\n<tr>\n<th>Kuormittamaton nopeus (r\/min)<\/th>\n<td data-th=\"Kuormittamaton nopeus (r\/min)\"><\/td>\n<td data-th=\"Kuormittamaton nopeus (r\/min)\"><\/td>\n<td data-th=\"Kuormittamaton nopeus (r\/min)\">8500<\/td>\n<\/tr>\n<tr>\n<th>Kytkin<\/th>\n<td data-th=\"Kytkin\"><\/td>\n<td data-th=\"Kytkin\"><\/td>\n<td data-th=\"Kytkin\">Interrupteur \u00e0 coulisse<\/td>\n<\/tr>\n<tr>\n<th>Laikan halkaisija (mm)<\/th>\n<td data-th=\"Laikan halkaisija (mm)\"><\/td>\n<td data-th=\"Laikan halkaisija (mm)\"><\/td>\n<td data-th=\"Laikan halkaisija (mm)\">125<\/td>\n<\/tr>\n<tr>\n<th>Maks. sahaussyvyys (mm)<\/th>\n<td data-th=\"Maks. sahaussyvyys (mm)\"><\/td>\n<td data-th=\"Maks. sahaussyvyys (mm)\"><\/td>\n<td data-th=\"Maks. sahaussyvyys (mm)\">33<\/td>\n<\/tr>\n<tr>\n<th>Mukana laturi<\/th>\n<td data-th=\"Mukana laturi\"><\/td>\n<td data-th=\"Mukana laturi\"><\/td>\n<td data-th=\"Mukana laturi\">\u2500<\/td>\n<\/tr>\n<tr>\n<th>Mukana tulevien akkujen m\u00e4\u00e4r\u00e4<\/th>\n<td data-th=\"Mukana tulevien akkujen m\u00e4\u00e4r\u00e4\"><\/td>\n<td data-th=\"Mukana tulevien akkujen m\u00e4\u00e4r\u00e4\"><\/td>\n<td data-th=\"Mukana tulevien akkujen m\u00e4\u00e4r\u00e4\">0<\/td>\n<\/tr>\n<tr>\n<th>Paino akun kanssa (kg)<\/th>\n<td data-th=\"Paino akun kanssa (kg)\"><\/td>\n<td data-th=\"Paino akun kanssa (kg)\"><\/td>\n<td data-th=\"Paino akun kanssa (kg)\">&#8211;<\/td>\n<\/tr>\n<tr>\n<th>Tuotenumero<\/th>\n<td data-th=\"Tuotenumero\"><\/td>\n<td data-th=\"Tuotenumero\"><\/td>\n<td data-th=\"Tuotenumero\">4933443940<\/td>\n<\/tr>\n<tr>\n<th>Vakiovarustus<\/th>\n<td data-th=\"Vakiovarustus\"><\/td>\n<td data-th=\"Vakiovarustus\"><\/td>\n<td data-th=\"Vakiovarustus\">Rikkomasuoja pikaliittimell\u00e4,<br \/>\nAVS-sivukahva,<br \/>\nlaippamutteri,<br \/>\nkiristin ja 2 x p\u00f6lyikkuna<\/td>\n<\/tr>\n<tr>\n<th>Voltit (V)<\/th>\n<td data-th=\"Voltit (V)\"><\/td>\n<td data-th=\"Voltit (V)\"><\/td>\n<td data-th=\"Voltit (V)\">18<\/td>\n<\/tr>\n<tr class=\"table__accordion-btn\">\n<th colspan=\"4\"><\/th>\n<\/tr>\n<\/tbody>\n<\/table>\n<table class=\"table product__detail-table js-responsive-table\">\n<tbody>\n<tr class=\"table__hidden-area js-hidden-table-area is-active\">\n<th>\u00c4\u00e4nen tehotaso (dB(A))<\/th>\n<td data-th=\"\u00c4\u00e4nen tehotaso (dB(A))\"><\/td>\n<td data-th=\"\u00c4\u00e4nen tehotaso (dB(A))\"><\/td>\n<td data-th=\"\u00c4\u00e4nen tehotaso (dB(A))\">94.2<\/td>\n<\/tr>\n<tr class=\"table__hidden-area js-hidden-table-area is-active\">\n<th>\u00c4\u00e4nentehotaso ep\u00e4varmuus (dB(A))<\/th>\n<td data-th=\"\u00c4\u00e4nentehotaso ep\u00e4varmuus (dB(A))\"><\/td>\n<td data-th=\"\u00c4\u00e4nentehotaso ep\u00e4varmuus (dB(A))\"><\/td>\n<td data-th=\"\u00c4\u00e4nentehotaso ep\u00e4varmuus (dB(A))\">3<\/td>\n<\/tr>\n<tr class=\"table__hidden-area js-hidden-table-area is-active\">\n<th>Akustinen paine (dB(A))<\/th>\n<td data-th=\"Akustinen paine (dB(A))\"><\/td>\n<td data-th=\"Akustinen paine (dB(A))\"><\/td>\n<td data-th=\"Akustinen paine (dB(A))\">83.2<\/td>\n<\/tr>\n<tr class=\"table__hidden-area js-hidden-table-area is-active\">\n<th>Akustinen paine ep\u00e4varmuus (dB(A))<\/th>\n<td data-th=\"Akustinen paine ep\u00e4varmuus (dB(A))\"><\/td>\n<td data-th=\"Akustinen paine ep\u00e4varmuus (dB(A))\"><\/td>\n<td data-th=\"Akustinen paine ep\u00e4varmuus (dB(A))\">3<\/td>\n<\/tr>\n<tr class=\"table__hidden-area js-hidden-table-area is-active\">\n<th>T\u00e4rin\u00e4taso hionta (m\/s\u00b2)<\/th>\n<td data-th=\"T\u00e4rin\u00e4taso hionta (m\/s\u00b2)\"><\/td>\n<td data-th=\"T\u00e4rin\u00e4taso hionta (m\/s\u00b2)\"><\/td>\n<td data-th=\"T\u00e4rin\u00e4taso hionta (m\/s\u00b2)\">3.4<\/td>\n<\/tr>\n<tr class=\"table__hidden-area js-hidden-table-area is-active\">\n<th>T\u00e4rin\u00e4taso hionta: ep\u00e4varmuus (m\/s\u00b2)<\/th>\n<td data-th=\"T\u00e4rin\u00e4taso hionta: ep\u00e4varmuus (m\/s\u00b2)\"><\/td>\n<td data-th=\"T\u00e4rin\u00e4taso hionta: ep\u00e4varmuus (m\/s\u00b2)\"><\/td>\n<td data-th=\"T\u00e4rin\u00e4taso hionta: ep\u00e4varmuus (m\/s\u00b2)\">1.5<\/td>\n<\/tr>\n<tr class=\"table__hidden-area js-hidden-table-area is-active\">\n<th>T\u00e4rin\u00e4taso hiottaessa [m|s\u00b2]<\/th>\n<td data-th=\"T\u00e4rin\u00e4taso hiottaessa [m|s\u00b2]\"><\/td>\n<td data-th=\"T\u00e4rin\u00e4taso hiottaessa [m|s\u00b2]\"><\/td>\n<td data-th=\"T\u00e4rin\u00e4taso hiottaessa [m|s\u00b2]\">1.4<\/td>\n<\/tr>\n<tr class=\"table__hidden-area js-hidden-table-area is-active\">\n<th>T\u00e4rin\u00e4taso hiottaessa: ep\u00e4varmuus [m|s\u00b2]<\/th>\n<td data-th=\"T\u00e4rin\u00e4taso hiottaessa: ep\u00e4varmuus [m|s\u00b2]\"><\/td>\n<td data-th=\"T\u00e4rin\u00e4taso hiottaessa: ep\u00e4varmuus [m|s\u00b2]\"><\/td>\n<td data-th=\"T\u00e4rin\u00e4taso hiottaessa: ep\u00e4varmuus [m|s\u00b2]\">1.5<\/td>\n<\/tr>\n<\/tbody>\n<\/table>\n","protected":false},"excerpt":{"rendered":"<div class=\"product__description-content js-product-content\">\n<p>Milwaukeen\u00ae suunnittelema hiiliharjaton POWERSTATE&#x2122;-moottori tarjoaa 10x pidemm\u00e4n moottorin k\u00e4ytt\u00f6i\u00e4n. REDLINK PLUS&#x2122; -elektroniikka tarjoaa kehittyneen digitaalisen ylikuormitussuojan sek\u00e4 ty\u00f6kalulle ett\u00e4 akulle parantaen ainutlaatuisella tavalla ty\u00f6kalun suorituskyky\u00e4 kuormituksessa. Laadukas vaihteisto k\u00e4ytt\u00e4\u00e4 samaa j\u00e4rjestelm\u00e4\u00e4 kuin huippusuorituskykyiset johdolliset kulmahiomakoneet.<br \/>\n125 mm pikalukollinen rikkomasuoja tarjoaa tehokkaan katkaisukapasiteetin sek\u00e4 nopeat suojan s\u00e4\u00e4d\u00f6t ilman avainta. 100 % avaimeton laikan vaihto FIXTEC-j\u00e4rjestelm\u00e4n ansiosta. Kapea kahvan muotoilu. Irroitettava p\u00f6lyikkuna est\u00e4\u00e4 roskien p\u00e4\u00e4syn koneen sis\u00e4lle ja pident\u00e4\u00e4 moottorin k\u00e4ytt\u00f6ik\u00e4\u00e4.<\/p>\n<p>REDLITHIUM-ION&#x2122;-akku tarjoaa ensiluokkaisen akun rakenteen, elektroniikan ja tasaisen suorituskyvyn ansiosta paitsi pidemm\u00e4n k\u00e4ytt\u00f6ajan my\u00f6s pidemm\u00e4n akun k\u00e4ytt\u00f6i\u00e4n. Yksitt\u00e4isten akun kennojen valvonta optimoi ty\u00f6kalun k\u00e4ytt\u00f6ajan ja varmistaa akun kest\u00e4vyyden. Virtamittari, joka ilmaisee j\u00e4ljell\u00e4 olevan varauksen. Toimii kaikilla Milwaukee\u00ae M18&#x2122; -akuilla. Toimitetaan ilman akkua ja laturia.<\/p>\n<\/div>\n","protected":false},"featured_media":20720,"template":"","meta":{"_et_pb_use_builder":"","_et_pb_old_content":"","_et_gb_content_width":""},"pwb-brand":[1452],"product_brand":[],"product_cat":[738],"product_tag":[],"class_list":{"0":"post-13341","1":"product","2":"type-product","3":"status-publish","4":"has-post-thumbnail","6":"pwb-brand-milwaukee","7":"product_cat-akkukulmahiomakoneet","9":"first","10":"instock","11":"taxable","12":"shipping-taxable","13":"purchasable","14":"product-type-simple"},"brands":[{"id":1452,"name":"Milwaukee","slug":"milwaukee"}],"_links":{"self":[{"href":"https:\/\/silikotek.sapartners.site\/index.php\/wp-json\/wp\/v2\/product\/13341","targetHints":{"allow":["GET"]}}],"collection":[{"href":"https:\/\/silikotek.sapartners.site\/index.php\/wp-json\/wp\/v2\/product"}],"about":[{"href":"https:\/\/silikotek.sapartners.site\/index.php\/wp-json\/wp\/v2\/types\/product"}],"wp:featuredmedia":[{"embeddable":true,"href":"https:\/\/silikotek.sapartners.site\/index.php\/wp-json\/wp\/v2\/media\/20720"}],"wp:attachment":[{"href":"https:\/\/silikotek.sapartners.site\/index.php\/wp-json\/wp\/v2\/media?parent=13341"}],"wp:term":[{"taxonomy":"pwb-brand","embeddable":true,"href":"https:\/\/silikotek.sapartners.site\/index.php\/wp-json\/wp\/v2\/pwb-brand?post=13341"},{"taxonomy":"product_brand","embeddable":true,"href":"https:\/\/silikotek.sapartners.site\/index.php\/wp-json\/wp\/v2\/product_brand?post=13341"},{"taxonomy":"product_cat","embeddable":true,"href":"https:\/\/silikotek.sapartners.site\/index.php\/wp-json\/wp\/v2\/product_cat?post=13341"},{"taxonomy":"product_tag","embeddable":true,"href":"https:\/\/silikotek.sapartners.site\/index.php\/wp-json\/wp\/v2\/product_tag?post=13341"}],"curies":[{"name":"wp","href":"https:\/\/api.w.org\/{rel}","templated":true}]}}