{"id":12956,"date":"2015-10-21T15:03:29","date_gmt":"2015-10-21T15:03:29","guid":{"rendered":"http:\/\/192.168.100.222\/target_carts\/wordpress\/wordpress495\/wordpress\/?product=oljyntaytto-ja-imupumppu-750-ml-150-9256-kstools"},"modified":"2020-11-12T20:42:48","modified_gmt":"2020-11-12T18:42:48","slug":"oljyntaytto-ja-imupumppu-750-ml-150-9256-kstools","status":"publish","type":"product","link":"https:\/\/silikotek.sapartners.site\/index.php\/tuote\/oljyntaytto-ja-imupumppu-750-ml-150-9256-kstools\/","title":{"rendered":"\u00d6ljynt\u00e4ytt\u00f6,- ja imupumppu 750 ml 150.9256 Kstools"},"content":{"rendered":"","protected":false},"excerpt":{"rendered":"<p>Eritt\u00e4in monipuolinen kahdensuuntainen\u00a0 \u00f6ljynt\u00e4ytt\u00f6,- ja imupumppu 750 ml 150.9256 Kstools. T\u00e4ll\u00e4 pumppaat tai imet niin \u00f6ljyt, bensiinit, Dieselit, vedet, pakkasnesteet, jarrunesteet jne. Palloventiilill\u00e4 vallitset imu tai ty\u00f6nt\u00f6toiminnon. Pituus 600 ml. Letkut 1,25 m<\/p>\n","protected":false},"featured_media":12955,"template":"","meta":{"_et_pb_use_builder":"","_et_pb_old_content":"","_et_gb_content_width":""},"pwb-brand":[1454],"product_brand":[],"product_cat":[750,853],"product_tag":[],"class_list":{"0":"post-12956","1":"product","2":"type-product","3":"status-publish","4":"has-post-thumbnail","6":"pwb-brand-kstools","7":"product_cat-oljyn-ja-nesteiden-huolto-tyokalut","8":"product_cat-rasvaprassit","10":"first","11":"instock","12":"taxable","13":"shipping-taxable","14":"purchasable","15":"product-type-simple"},"brands":[{"id":1454,"name":"Kstools","slug":"kstools"}],"_links":{"self":[{"href":"https:\/\/silikotek.sapartners.site\/index.php\/wp-json\/wp\/v2\/product\/12956","targetHints":{"allow":["GET"]}}],"collection":[{"href":"https:\/\/silikotek.sapartners.site\/index.php\/wp-json\/wp\/v2\/product"}],"about":[{"href":"https:\/\/silikotek.sapartners.site\/index.php\/wp-json\/wp\/v2\/types\/product"}],"wp:featuredmedia":[{"embeddable":true,"href":"https:\/\/silikotek.sapartners.site\/index.php\/wp-json\/wp\/v2\/media\/12955"}],"wp:attachment":[{"href":"https:\/\/silikotek.sapartners.site\/index.php\/wp-json\/wp\/v2\/media?parent=12956"}],"wp:term":[{"taxonomy":"pwb-brand","embeddable":true,"href":"https:\/\/silikotek.sapartners.site\/index.php\/wp-json\/wp\/v2\/pwb-brand?post=12956"},{"taxonomy":"product_brand","embeddable":true,"href":"https:\/\/silikotek.sapartners.site\/index.php\/wp-json\/wp\/v2\/product_brand?post=12956"},{"taxonomy":"product_cat","embeddable":true,"href":"https:\/\/silikotek.sapartners.site\/index.php\/wp-json\/wp\/v2\/product_cat?post=12956"},{"taxonomy":"product_tag","embeddable":true,"href":"https:\/\/silikotek.sapartners.site\/index.php\/wp-json\/wp\/v2\/product_tag?post=12956"}],"curies":[{"name":"wp","href":"https:\/\/api.w.org\/{rel}","templated":true}]}}