{"id":12297,"date":"2015-04-01T14:12:01","date_gmt":"2015-04-01T14:12:01","guid":{"rendered":"http:\/\/192.168.100.222\/target_carts\/wordpress\/wordpress495\/wordpress\/?product=hylsysarja-1-4-3-8-1-2"},"modified":"2022-02-22T11:07:01","modified_gmt":"2022-02-22T09:07:01","slug":"hylsysarja-1-4-3-8-1-2-1","status":"publish","type":"product","link":"https:\/\/silikotek.sapartners.site\/index.php\/tuote\/hylsysarja-1-4-3-8-1-2-1\/","title":{"rendered":"BGS-2259 Hylsysarja 1\/4&#8243;+3\/8&#8243;+1\/2&#8243;"},"content":{"rendered":"<p>&#8211; Hylsysarja autokorjaamoille sis\u00e4lt\u00e4\u00e4:<br \/>\n&#8211; 1\/4&#8243;<br \/>\n&#8211; T- v\u00e4\u00e4nnin liukuva<br \/>\n&#8211; Meisselikahva, 150 mm<br \/>\n&#8211; r\u00e4ikk\u00e4, 72 hammasta<br \/>\n&#8211; 50 mm jatko<br \/>\n&#8211; 100 mm jatko<br \/>\n&#8211; yleisjatko<br \/>\n&#8211; bitsinpidin<br \/>\n&#8211; 6-kulmaiset hylsyt: 4 &#8211; 4.5 &#8211; 5 &#8211; 5.5 ja 6 &#8211; 14 mm<br \/>\n&#8211; 6-kulmaiset pitk\u00e4t hylsyt: 4 &#8211; 10 mm<br \/>\n&#8211; E-Star hylsyt: E4, E5, E6, E7, E8<br \/>\n&#8211; Philipps bits hylsyt: PH00, PH1, PH2, PZ00, PZ1, PZ2<br \/>\n&#8211; meisseli bits hylsyt: 4 &#8211; 5.5 &#8211; 6.5 &#8211; 7 mm<br \/>\n&#8211; T-torxhylsyt:<br \/>\nT8, T9, T10, T15, T20, T25, T27, T30<br \/>\n&#8211; T-torx bits reik\u00e4hylsyt:<br \/>\nTH8, TH9, TH10, TH15, TH20, TH25, TH27, TH30<br \/>\n-kuusiokolo bits hylsyt: 3, 4, 5, 6 mm<br \/>\n&#8211; 3\/8&#8243;<br \/>\n&#8211; r\u00e4ikk\u00e4, 72 hammasta<br \/>\n&#8211; 125 mm jatko<br \/>\n&#8211; yleisjatko<br \/>\n&#8211; bitsin pidin 10 mm 3\/8&#8243; bitseille<br \/>\n&#8211; 6-kulmaiset hylsyt: 10 &#8211; 19 mm<br \/>\n&#8211; 6-kulmaiset pitk\u00e4t hylsyt: 10 to 15 mm<br \/>\n&#8211; E-Star hylsyt: E10, E12, E12, E14<br \/>\n&#8211; 1\/2&#8243;<br \/>\n&#8211; r\u00e4ikk\u00e4, 72 hammasta<br \/>\n&#8211; 125 mm jatko<br \/>\n&#8211; 250 mm jatko<br \/>\n&#8211; yleisjatko<br \/>\n&#8211; T-v\u00e4\u00e4nnin liukuva 1\/2&#8243;<br \/>\nadapteri 3\/8&#8243; &#8211; 1\/2&#8243;<br \/>\n&#8211; bitsin pidin 10 mm\u00a0 3\/8 bitseille<br \/>\n&#8211; bitsin pidin\u00a0 14 mm\u00a0 bitseille<br \/>\n&#8211; 6-kulmaiset hylsyt: 10-22, 24, 27, 30, 32 mm<br \/>\n&#8211; 6-kulmaiset pitk\u00e4t hylsyt: 16, 17, 18, 19, 22 mm<br \/>\n&#8211; 6-kulmaiset\u00a0 sytytystulppahylsyt: 16, 18, 21 mm<br \/>\n&#8211; E-Star hylsyt: E16, E18, E20, E24<br \/>\n&#8211; XZN hylsyt: M16H, M15, M16, M17, M19, M22, M24<br \/>\n&#8211; kuusiokolo bits hylsyt pitk\u00e4t: H5 pallop\u00e4\u00e4, H10, H11<br \/>\n&#8211; XZN pitk\u00e4t bits hylsyt: M9, M10, M12, M16 with bore<br \/>\n&#8211; T-torx bits hylsyt pitk\u00e4t, 140 mm: T40, T45, T50, T55, T60, T80<br \/>\n&#8211; Ribe bit hylsyt, 140 mm pitk\u00e4t: RM9, RM10<br \/>\n&#8211; Ribe bits hylsyt, 230 mm pitk\u00e4t: RM7, RM8<br \/>\n&#8211; T-torx bits hylsytt, 300 mm pitk\u00e4 , T30 boorilla<br \/>\n&#8211; XZN, M18, 75 mm pitk\u00e4<br \/>\n&#8211; bits\u00a0 1\/4&#8243;<br \/>\n&#8211; T-torx bits: T5 &#8211; T6 &#8211; T7<br \/>\n&#8211; T-torx bits reik\u00e4torx:<br \/>\nTS10 &#8211; TS15 &#8211; TS20 &#8211; TS25 &#8211; TS27 &#8211; TS30 &#8211; TS40 &#8211; TS45<br \/>\n&#8211; Ribe bits: RM5 &#8211; RM6 &#8211; RM7 &#8211; RM8 &#8211; RM10<br \/>\n&#8211; Xznbits: M5 &#8211; M6 &#8211; M8<br \/>\n&#8211; Phillips bits: PH0 &#8211; PH1<br \/>\n&#8211; bits kuusiokolo 8, 10 ja 14 mm<br \/>\n&#8211; T-torx: T40, T45, T50, T55, T60, T70<br \/>\n&#8211; T-torx reik\u00e4 bits,: TH40, TH45, TH50, TH55, TH60, TH70<br \/>\n&#8211; kuusiokolo bits: 7, 8, 10, 12, 13, 14 mm<br \/>\n&#8211; Philipps-bits: PH3, PH4, PZ 3, PZ4<br \/>\n&#8211; meisseli bits: 8, 10, 12 mm<br \/>\n&#8211; Xznbit M14<br \/>\n&#8211; kiintolenkit: 8, 9, 10, 12, 13, 14, 17, 19 mm<br \/>\n&#8211; kuusiokoloavaimet: 1 &#8211; 1.5 &#8211; 2 &#8211; 2.5 &#8211; 3 &#8211; 4 &#8211; 4.5 mm<\/p>\n","protected":false},"excerpt":{"rendered":"<p>Autokorjaamoille suunniteltu hylsysarja. T\u00e4m\u00e4 hylsysarja sis\u00e4lt\u00e4\u00e4 erikoshylsyj\u00e4 joita tarvitaan autokorjaamoissa p\u00e4ivitt\u00e4in. Mukana on XZN, torx, kuusiokolo, ribe bits hylsyj\u00e4. My\u00f6s mm. Torx hylsyt. Kaikki r\u00e4ik\u00e4t 72 hampaisia ammattik\u00e4ytt\u00f6\u00f6n tarkoitettuja. Osta t\u00e4m\u00e4 sarja ja sinulla on mittava erikoishylsy kokoelma, t\u00e4ydellinen sarja my\u00f6s harrastajalle. Nyt eritt\u00e4in edulliseen kampanjahintaan!<\/p>\n","protected":false},"featured_media":12296,"template":"","meta":{"_et_pb_use_builder":"","_et_pb_old_content":"","_et_gb_content_width":""},"pwb-brand":[1451],"product_brand":[],"product_cat":[1619],"product_tag":[1620],"class_list":{"0":"post-12297","1":"product","2":"type-product","3":"status-publish","4":"has-post-thumbnail","6":"pwb-brand-bgs","7":"product_cat-1-43-81-2-hylsysarjat","8":"product_tag-hylsysarjat","10":"first","11":"instock","12":"taxable","13":"shipping-taxable","14":"purchasable","15":"product-type-simple"},"brands":[{"id":1451,"name":"BGS","slug":"bgs"}],"_links":{"self":[{"href":"https:\/\/silikotek.sapartners.site\/index.php\/wp-json\/wp\/v2\/product\/12297","targetHints":{"allow":["GET"]}}],"collection":[{"href":"https:\/\/silikotek.sapartners.site\/index.php\/wp-json\/wp\/v2\/product"}],"about":[{"href":"https:\/\/silikotek.sapartners.site\/index.php\/wp-json\/wp\/v2\/types\/product"}],"wp:featuredmedia":[{"embeddable":true,"href":"https:\/\/silikotek.sapartners.site\/index.php\/wp-json\/wp\/v2\/media\/12296"}],"wp:attachment":[{"href":"https:\/\/silikotek.sapartners.site\/index.php\/wp-json\/wp\/v2\/media?parent=12297"}],"wp:term":[{"taxonomy":"pwb-brand","embeddable":true,"href":"https:\/\/silikotek.sapartners.site\/index.php\/wp-json\/wp\/v2\/pwb-brand?post=12297"},{"taxonomy":"product_brand","embeddable":true,"href":"https:\/\/silikotek.sapartners.site\/index.php\/wp-json\/wp\/v2\/product_brand?post=12297"},{"taxonomy":"product_cat","embeddable":true,"href":"https:\/\/silikotek.sapartners.site\/index.php\/wp-json\/wp\/v2\/product_cat?post=12297"},{"taxonomy":"product_tag","embeddable":true,"href":"https:\/\/silikotek.sapartners.site\/index.php\/wp-json\/wp\/v2\/product_tag?post=12297"}],"curies":[{"name":"wp","href":"https:\/\/api.w.org\/{rel}","templated":true}]}}