{"id":1224,"date":"2014-03-31T10:48:09","date_gmt":"2014-03-31T10:48:09","guid":{"rendered":"http:\/\/192.168.100.222\/target_carts\/wordpress\/wordpress495\/wordpress\/?product=momenttiavain-5-25-nm-1-4-r-306a25-facom"},"modified":"2014-05-01T17:00:17","modified_gmt":"2014-05-01T17:00:17","slug":"momenttiavain-5-25-nm-1-4-r-306a25-facom","status":"publish","type":"product","link":"https:\/\/silikotek.sapartners.site\/index.php\/tuote\/momenttiavain-5-25-nm-1-4-r-306a25-facom\/","title":{"rendered":"Momenttiavain, 5 &#8211; 25 Nm, 1\/4&#8243;, R.306A25, Facom"},"content":{"rendered":"<p>\u00c4\u00e4rim\u00e4isen tarkka ja laadukas momenttiavain R.306A25<br \/>NF EN ISO 6789, ISO 6789, DIN EN ISO 6789<br \/>Kiristysalue: 5 &#8211; 25 Nm 1\/4&#8243;<br \/>Tarvikkeet: 9 x 12 irtop\u00e4\u00e4t<br \/>Asteikko Nm: 0,10 <br \/>L mm: 270<br \/>0,485 kg<\/p>\n","protected":false},"excerpt":{"rendered":"<p>Momenttiavain, 5 &#8211; 25 Nm, 1\/4&#8243;, R.306A25, Facom<\/p>\n","protected":false},"featured_media":1223,"template":"","meta":{"_et_pb_use_builder":"","_et_pb_old_content":"","_et_gb_content_width":""},"pwb-brand":[],"product_brand":[],"product_cat":[784],"product_tag":[],"class_list":{"0":"post-1224","1":"product","2":"type-product","3":"status-publish","4":"has-post-thumbnail","6":"product_cat-momenttiavaimet","8":"first","9":"instock","10":"sale","11":"taxable","12":"shipping-taxable","13":"purchasable","14":"product-type-simple"},"brands":[],"_links":{"self":[{"href":"https:\/\/silikotek.sapartners.site\/index.php\/wp-json\/wp\/v2\/product\/1224","targetHints":{"allow":["GET"]}}],"collection":[{"href":"https:\/\/silikotek.sapartners.site\/index.php\/wp-json\/wp\/v2\/product"}],"about":[{"href":"https:\/\/silikotek.sapartners.site\/index.php\/wp-json\/wp\/v2\/types\/product"}],"wp:featuredmedia":[{"embeddable":true,"href":"https:\/\/silikotek.sapartners.site\/index.php\/wp-json\/wp\/v2\/media\/1223"}],"wp:attachment":[{"href":"https:\/\/silikotek.sapartners.site\/index.php\/wp-json\/wp\/v2\/media?parent=1224"}],"wp:term":[{"taxonomy":"pwb-brand","embeddable":true,"href":"https:\/\/silikotek.sapartners.site\/index.php\/wp-json\/wp\/v2\/pwb-brand?post=1224"},{"taxonomy":"product_brand","embeddable":true,"href":"https:\/\/silikotek.sapartners.site\/index.php\/wp-json\/wp\/v2\/product_brand?post=1224"},{"taxonomy":"product_cat","embeddable":true,"href":"https:\/\/silikotek.sapartners.site\/index.php\/wp-json\/wp\/v2\/product_cat?post=1224"},{"taxonomy":"product_tag","embeddable":true,"href":"https:\/\/silikotek.sapartners.site\/index.php\/wp-json\/wp\/v2\/product_tag?post=1224"}],"curies":[{"name":"wp","href":"https:\/\/api.w.org\/{rel}","templated":true}]}}