{"id":1216,"date":"2014-03-31T10:48:09","date_gmt":"2014-03-31T10:48:09","guid":{"rendered":"http:\/\/192.168.100.222\/target_carts\/wordpress\/wordpress495\/wordpress\/?product=hylsysarja-1-2-s-5pb"},"modified":"2019-10-29T18:19:19","modified_gmt":"2019-10-29T16:19:19","slug":"hylsysarja-1-2-s-5pb","status":"publish","type":"product","link":"https:\/\/silikotek.sapartners.site\/index.php\/tuote\/hylsysarja-1-2-s-5pb\/","title":{"rendered":"Hylsysarja 1\/2&#8243; S.5PB"},"content":{"rendered":"<p>Hylsysarja 1\/2&#8243; S.5PB<\/p>\n<p>R\u00e4ikk\u00e4 ja turvalukitusjatkot S.5PB<\/p>\n<p>R\u00e4ikk\u00e4 ja turvalukitusjatkot<\/p>\n<p>SH. 10-11-12-13-14-15-16-17-18-19-21-22-23-24-27-30-32<br \/>\nS.171<br \/>\nS.210RC : 125 mm<br \/>\nS.215RC : 250 mm<br \/>\nS.240A<br \/>\n4,330 kg<\/p>\n","protected":false},"excerpt":{"rendered":"<p>Hylsysarja 1\/2&#8243; S.5PB R\u00e4ikk\u00e4 ja turvalukitusjatkot S.5PB R\u00e4ikk\u00e4 ja turvalukitusjatkot SH. 10-11-12-13-14-15-16-17-18-19-21-22-23-24-27-30-32 S.171 S.210RC : 125 mm S.215RC : 250 mm S.240A 4,330 kg<\/p>\n","protected":false},"featured_media":1215,"template":"","meta":{"_et_pb_use_builder":"","_et_pb_old_content":"","_et_gb_content_width":""},"pwb-brand":[],"product_brand":[],"product_cat":[1614],"product_tag":[],"class_list":{"0":"post-1216","1":"product","2":"type-product","3":"status-publish","4":"has-post-thumbnail","6":"product_cat-1-2-hylsysarjat","8":"first","9":"instock","10":"sale","11":"taxable","12":"shipping-taxable","13":"purchasable","14":"product-type-simple"},"brands":[],"_links":{"self":[{"href":"https:\/\/silikotek.sapartners.site\/index.php\/wp-json\/wp\/v2\/product\/1216","targetHints":{"allow":["GET"]}}],"collection":[{"href":"https:\/\/silikotek.sapartners.site\/index.php\/wp-json\/wp\/v2\/product"}],"about":[{"href":"https:\/\/silikotek.sapartners.site\/index.php\/wp-json\/wp\/v2\/types\/product"}],"wp:featuredmedia":[{"embeddable":true,"href":"https:\/\/silikotek.sapartners.site\/index.php\/wp-json\/wp\/v2\/media\/1215"}],"wp:attachment":[{"href":"https:\/\/silikotek.sapartners.site\/index.php\/wp-json\/wp\/v2\/media?parent=1216"}],"wp:term":[{"taxonomy":"pwb-brand","embeddable":true,"href":"https:\/\/silikotek.sapartners.site\/index.php\/wp-json\/wp\/v2\/pwb-brand?post=1216"},{"taxonomy":"product_brand","embeddable":true,"href":"https:\/\/silikotek.sapartners.site\/index.php\/wp-json\/wp\/v2\/product_brand?post=1216"},{"taxonomy":"product_cat","embeddable":true,"href":"https:\/\/silikotek.sapartners.site\/index.php\/wp-json\/wp\/v2\/product_cat?post=1216"},{"taxonomy":"product_tag","embeddable":true,"href":"https:\/\/silikotek.sapartners.site\/index.php\/wp-json\/wp\/v2\/product_tag?post=1216"}],"curies":[{"name":"wp","href":"https:\/\/api.w.org\/{rel}","templated":true}]}}