{"id":12100,"date":"2015-02-20T10:05:44","date_gmt":"2015-02-20T10:05:44","guid":{"rendered":"http:\/\/192.168.100.222\/target_carts\/wordpress\/wordpress495\/wordpress\/?product=alumiinivannehylsyt-17-19-21-mm-3-os-sarja-slimpower"},"modified":"2023-01-04T23:26:44","modified_gmt":"2023-01-04T21:26:44","slug":"alumiinivannehylsyt-17-19-21-mm-3-os-sarja-slimpower","status":"publish","type":"product","link":"https:\/\/silikotek.sapartners.site\/index.php\/tuote\/alumiinivannehylsyt-17-19-21-mm-3-os-sarja-slimpower\/","title":{"rendered":"Kstools Slimpower Alumiinivannehylsyt 17, 19, 21 mm 3-osainen sarja 515.0990"},"content":{"rendered":"<p>Unboxing video:<br \/>\n<iframe loading=\"lazy\" src=\"http:\/\/view.vzaar.com\/16096813\/video\" width=\"600\" height=\"450\"><\/iframe><\/p>\n<table class=\"product--properties-table\">\n<tbody>\n<tr class=\"product--properties-item\">\n<td class=\"product--properties-label\">Profiili1:<\/td>\n<td><span class=\"product--properties-value\">6-kulmainen<\/span><\/td>\n<\/tr>\n<tr class=\"product--properties-item\">\n<td class=\"product--properties-label\">Materiaali1:<\/td>\n<td><span class=\"product--properties-value\">Hieno kromimolybdeeniter\u00e4s<\/span><\/td>\n<\/tr>\n<tr class=\"product--properties-item\">\n<td class=\"product--properties-label\">Pakkaus:<\/td>\n<td><span class=\"product--properties-value\">Muovilaukku, eritt\u00e4in tukeva<\/span><\/td>\n<\/tr>\n<tr class=\"product--properties-item\">\n<td class=\"product--properties-label\">Nelikantav\u00e4\u00e4nti\u00f6, tuuma:<\/td>\n<td><span class=\"product--properties-value\">1\/2&#8243;<\/span><\/td>\n<\/tr>\n<tr class=\"product--properties-item\">\n<td class=\"product--properties-label\">Standardi:<\/td>\n<td><span class=\"product--properties-value\">ISO 1174, DIN 3121<\/span><\/td>\n<\/tr>\n<tr class=\"product--properties-item\">\n<td class=\"product--properties-label\">Videolink:<\/td>\n<td><span class=\"product--properties-value\"><a href=\"http:\/\/youtu.be\/xGJAMbe9yiw\" target=\"_blank\" rel=\"nofollow noopener noreferrer\">Video<\/a><\/span><\/td>\n<\/tr>\n<tr class=\"product--properties-item\">\n<td class=\"product--properties-label\">Pakkauksen sis\u00e4lt\u00f6:<\/td>\n<td><span class=\"product--properties-value\">1<\/span><\/td>\n<\/tr>\n<tr class=\"product--properties-item\">\n<td class=\"product--properties-label\">Osia sarjassa:<\/td>\n<td><span class=\"product--properties-value\">3<\/span><\/td>\n<\/tr>\n<tr class=\"product--properties-item\">\n<td class=\"product--properties-label\">Unboxing-linkki:<\/td>\n<td><span class=\"product--properties-value\"><a href=\"http:\/\/view.vzaar.com\/16096813\/video\" target=\"_blank\" rel=\"nofollow noopener noreferrer\">Video<\/a><\/span><\/td>\n<\/tr>\n<tr class=\"product--properties-item\">\n<td class=\"product--properties-label\">Paino g:<\/td>\n<td><span class=\"product--properties-value\">791<\/span><\/td>\n<\/tr>\n<\/tbody>\n<\/table>\n<p><iframe loading=\"lazy\" title=\"Anwendungsvideo SLIMPOWER Alu-Felgen-Kraft-Stecknuss KS Tools 515.0990\" width=\"1080\" height=\"608\" src=\"https:\/\/www.youtube.com\/embed\/xGJAMbe9yiw?feature=oembed\"  allow=\"accelerometer; autoplay; clipboard-write; encrypted-media; gyroscope; picture-in-picture\" allowfullscreen><\/iframe><\/p>\n","protected":false},"excerpt":{"rendered":"<p>Eritt\u00e4in vahvat Slimpower Premium 1\/2&#8243;-17, 19, 21 mm hylsyt erikoisesti vanteiden irroittamiseen ja kiinnitt\u00e4miseen koneellisesti.<br \/>\nDIN 3121 \/ ISO 1174<br \/>\nV\u00e4rikoodattu koon mukaan. Fosfaatti kiillotettu. Muovisuoja ei naarmuta vanteita. Chrome molybdenum.<br \/>\nSis\u00e4lt\u00e4\u00e4 pitk\u00e4t 1\/2&#8243; hylsyt\u00a0 17mm, 19 mm, 21 mm<\/p>\n","protected":false},"featured_media":21535,"template":"","meta":{"_et_pb_use_builder":"","_et_pb_old_content":"","_et_gb_content_width":""},"pwb-brand":[1454],"product_brand":[],"product_cat":[827,752],"product_tag":[],"class_list":{"0":"post-12100","1":"product","2":"type-product","3":"status-publish","4":"has-post-thumbnail","6":"pwb-brand-kstools","7":"product_cat-voimahylsyt-ja-sarjat","8":"product_cat-rengas-tyokalut","10":"first","11":"instock","12":"taxable","13":"shipping-taxable","14":"purchasable","15":"product-type-simple"},"brands":[{"id":1454,"name":"Kstools","slug":"kstools"}],"_links":{"self":[{"href":"https:\/\/silikotek.sapartners.site\/index.php\/wp-json\/wp\/v2\/product\/12100","targetHints":{"allow":["GET"]}}],"collection":[{"href":"https:\/\/silikotek.sapartners.site\/index.php\/wp-json\/wp\/v2\/product"}],"about":[{"href":"https:\/\/silikotek.sapartners.site\/index.php\/wp-json\/wp\/v2\/types\/product"}],"wp:featuredmedia":[{"embeddable":true,"href":"https:\/\/silikotek.sapartners.site\/index.php\/wp-json\/wp\/v2\/media\/21535"}],"wp:attachment":[{"href":"https:\/\/silikotek.sapartners.site\/index.php\/wp-json\/wp\/v2\/media?parent=12100"}],"wp:term":[{"taxonomy":"pwb-brand","embeddable":true,"href":"https:\/\/silikotek.sapartners.site\/index.php\/wp-json\/wp\/v2\/pwb-brand?post=12100"},{"taxonomy":"product_brand","embeddable":true,"href":"https:\/\/silikotek.sapartners.site\/index.php\/wp-json\/wp\/v2\/product_brand?post=12100"},{"taxonomy":"product_cat","embeddable":true,"href":"https:\/\/silikotek.sapartners.site\/index.php\/wp-json\/wp\/v2\/product_cat?post=12100"},{"taxonomy":"product_tag","embeddable":true,"href":"https:\/\/silikotek.sapartners.site\/index.php\/wp-json\/wp\/v2\/product_tag?post=12100"}],"curies":[{"name":"wp","href":"https:\/\/api.w.org\/{rel}","templated":true}]}}