{"id":12088,"date":"2015-02-18T16:07:03","date_gmt":"2015-02-18T16:07:03","guid":{"rendered":"http:\/\/192.168.100.222\/target_carts\/wordpress\/wordpress495\/wordpress\/?product=pitkat-bits-hylsyt-1-2-12-os"},"modified":"2015-02-18T16:12:24","modified_gmt":"2015-02-18T16:12:24","slug":"pitkat-bits-hylsyt-1-2-12-os","status":"publish","type":"product","link":"https:\/\/silikotek.sapartners.site\/index.php\/tuote\/pitkat-bits-hylsyt-1-2-12-os\/","title":{"rendered":"Pitk\u00e4t bits hylsyt 1\/2&#8243; 12-os"},"content":{"rendered":"","protected":false},"excerpt":{"rendered":"<p>Toptul 1\/2&#8243; ptk\u00e4t bits hylsyt peltilaatikossa. <br \/>Sis\u00e4lt\u00e4\u00e4 kuusiokolohylsyt 5mmx180 mm, 6, 8 mm x 140 mm, 7,8 mm x 100 mm, <br \/>Torx hylsyt T40, T45 x 120 mm, T55 x 140 mm<br \/>XZN M6, M8 x M10, M12 x 100 mm<\/p>\n","protected":false},"featured_media":12087,"template":"","meta":{"_et_pb_use_builder":"","_et_pb_old_content":"","_et_gb_content_width":""},"pwb-brand":[],"product_brand":[],"product_cat":[793],"product_tag":[],"class_list":{"0":"post-12088","1":"product","2":"type-product","3":"status-publish","4":"has-post-thumbnail","6":"product_cat-kuusiokolohylsyt-torx-hylsyt-xzn-hylsyt-reika-torx-hylsyt-ribe-hylsyt","8":"first","9":"instock","10":"taxable","11":"shipping-taxable","12":"purchasable","13":"product-type-simple"},"brands":[],"_links":{"self":[{"href":"https:\/\/silikotek.sapartners.site\/index.php\/wp-json\/wp\/v2\/product\/12088","targetHints":{"allow":["GET"]}}],"collection":[{"href":"https:\/\/silikotek.sapartners.site\/index.php\/wp-json\/wp\/v2\/product"}],"about":[{"href":"https:\/\/silikotek.sapartners.site\/index.php\/wp-json\/wp\/v2\/types\/product"}],"wp:featuredmedia":[{"embeddable":true,"href":"https:\/\/silikotek.sapartners.site\/index.php\/wp-json\/wp\/v2\/media\/12087"}],"wp:attachment":[{"href":"https:\/\/silikotek.sapartners.site\/index.php\/wp-json\/wp\/v2\/media?parent=12088"}],"wp:term":[{"taxonomy":"pwb-brand","embeddable":true,"href":"https:\/\/silikotek.sapartners.site\/index.php\/wp-json\/wp\/v2\/pwb-brand?post=12088"},{"taxonomy":"product_brand","embeddable":true,"href":"https:\/\/silikotek.sapartners.site\/index.php\/wp-json\/wp\/v2\/product_brand?post=12088"},{"taxonomy":"product_cat","embeddable":true,"href":"https:\/\/silikotek.sapartners.site\/index.php\/wp-json\/wp\/v2\/product_cat?post=12088"},{"taxonomy":"product_tag","embeddable":true,"href":"https:\/\/silikotek.sapartners.site\/index.php\/wp-json\/wp\/v2\/product_tag?post=12088"}],"curies":[{"name":"wp","href":"https:\/\/api.w.org\/{rel}","templated":true}]}}