{"id":12039,"date":"2015-02-11T12:52:26","date_gmt":"2015-02-11T12:52:26","guid":{"rendered":"http:\/\/192.168.100.222\/target_carts\/wordpress\/wordpress495\/wordpress\/?product=kulma-mutterinvaannin-m18-braiw-0"},"modified":"2022-04-20T09:33:16","modified_gmt":"2022-04-20T06:33:16","slug":"milwaukee-iskeva-kulmamutterinvaannin-m18-braiw-0","status":"publish","type":"product","link":"https:\/\/silikotek.sapartners.site\/index.php\/tuote\/milwaukee-iskeva-kulmamutterinvaannin-m18-braiw-0\/","title":{"rendered":"Milwaukee M18 BRAIW-0 Iskev\u00e4 Kulmamutterinv\u00e4\u00e4nnin"},"content":{"rendered":"<p>[et_pb_section fb_built=&#8221;1&#8243; _builder_version=&#8221;4.16&#8243; custom_padding=&#8221;0px||||false|false&#8221; global_colors_info=&#8221;{}&#8221;][et_pb_row _builder_version=&#8221;4.16&#8243; background_size=&#8221;initial&#8221; background_position=&#8221;top_left&#8221; background_repeat=&#8221;repeat&#8221; width=&#8221;100%&#8221; custom_padding=&#8221;0px||0px||false|false&#8221; global_colors_info=&#8221;{}&#8221;][et_pb_column type=&#8221;4_4&#8243; _builder_version=&#8221;4.16&#8243; custom_padding=&#8221;|||&#8221; global_colors_info=&#8221;{}&#8221; custom_padding__hover=&#8221;|||&#8221;][et_pb_wc_breadcrumb _builder_version=&#8221;4.16&#8243; global_colors_info=&#8221;{}&#8221;][\/et_pb_wc_breadcrumb][et_pb_wc_cart_notice _builder_version=&#8221;4.16&#8243; global_colors_info=&#8221;{}&#8221;][\/et_pb_wc_cart_notice][\/et_pb_column][\/et_pb_row][et_pb_row column_structure=&#8221;1_2,1_2&#8243; _builder_version=&#8221;4.16&#8243; background_size=&#8221;initial&#8221; background_position=&#8221;top_left&#8221; background_repeat=&#8221;repeat&#8221; width=&#8221;100%&#8221; custom_padding=&#8221;0px||||false|false&#8221; global_colors_info=&#8221;{}&#8221;][et_pb_column type=&#8221;1_2&#8243; _builder_version=&#8221;4.16&#8243; custom_padding=&#8221;|||&#8221; global_colors_info=&#8221;{}&#8221; custom_padding__hover=&#8221;|||&#8221;][et_pb_wc_images _builder_version=&#8221;4.16&#8243; global_colors_info=&#8221;{}&#8221;][\/et_pb_wc_images][\/et_pb_column][et_pb_column type=&#8221;1_2&#8243; _builder_version=&#8221;4.16&#8243; custom_padding=&#8221;|||&#8221; global_colors_info=&#8221;{}&#8221; custom_padding__hover=&#8221;|||&#8221;][et_pb_wc_title _builder_version=&#8221;4.16&#8243; global_colors_info=&#8221;{}&#8221;][\/et_pb_wc_title][et_pb_wc_rating _builder_version=&#8221;4.16&#8243; global_colors_info=&#8221;{}&#8221;][\/et_pb_wc_rating][et_pb_wc_price _builder_version=&#8221;4.16&#8243; global_colors_info=&#8221;{}&#8221;][\/et_pb_wc_price][et_pb_wc_description _builder_version=&#8221;4.16&#8243; global_colors_info=&#8221;{}&#8221;][\/et_pb_wc_description][et_pb_wc_add_to_cart _builder_version=&#8221;4.16&#8243; global_colors_info=&#8221;{}&#8221;][\/et_pb_wc_add_to_cart][et_pb_wc_meta _builder_version=&#8221;4.16&#8243; global_colors_info=&#8221;{}&#8221;][\/et_pb_wc_meta][\/et_pb_column][\/et_pb_row][et_pb_row _builder_version=&#8221;4.16&#8243; background_size=&#8221;initial&#8221; background_position=&#8221;top_left&#8221; background_repeat=&#8221;repeat&#8221; width=&#8221;100%&#8221; global_colors_info=&#8221;{}&#8221;][et_pb_column type=&#8221;4_4&#8243; _builder_version=&#8221;4.16&#8243; custom_padding=&#8221;|||&#8221; global_colors_info=&#8221;{}&#8221; custom_padding__hover=&#8221;|||&#8221;][et_pb_wc_tabs _builder_version=&#8221;4.16&#8243; global_colors_info=&#8221;{}&#8221;]\t\t\t\t\t[\/et_pb_wc_tabs][et_pb_wc_upsells _builder_version=&#8221;4.16&#8243; global_colors_info=&#8221;{}&#8221;][\/et_pb_wc_upsells][et_pb_wc_related_products _builder_version=&#8221;4.16&#8243; global_colors_info=&#8221;{}&#8221;][\/et_pb_wc_related_products][\/et_pb_column][\/et_pb_row][\/et_pb_section][et_pb_section fb_built=&#8221;1&#8243; _builder_version=&#8221;4.16&#8243; global_colors_info=&#8221;{}&#8221;][et_pb_row _builder_version=&#8221;4.16&#8243; background_size=&#8221;initial&#8221; background_position=&#8221;top_left&#8221; background_repeat=&#8221;repeat&#8221; global_colors_info=&#8221;{}&#8221;][et_pb_column type=&#8221;4_4&#8243; _builder_version=&#8221;4.16&#8243; custom_padding=&#8221;|||&#8221; global_colors_info=&#8221;{}&#8221; custom_padding__hover=&#8221;|||&#8221;][et_pb_text _builder_version=&#8221;4.16&#8243; background_size=&#8221;initial&#8221; background_position=&#8221;top_left&#8221; background_repeat=&#8221;repeat&#8221; global_colors_info=&#8221;{}&#8221;]<\/p>\n<div class=\"product__description-content js-product-content\">\n<ul>\n<li>Pituus vain 307 mm, mik\u00e4 helpottaa ahtaissa paikoissa ty\u00f6skentely\u00e4<\/li>\n<li>REDLINK&#x2122;-ylikuormitussuojan elektroniikka ty\u00f6kaluissa ja akussa tuottaa luokkansa parhaan kest\u00e4vyyden<\/li>\n<li>Kokometallinen vaihteisto ja vaihdelaatikko takaavat maksimaalisen v\u00e4\u00e4nn\u00f6n<\/li>\n<li>Kompakti 53 mm kulmap\u00e4\u00e4<\/li>\n<li>Kahvassa on monta otevaihtoehtoa, mik\u00e4 lis\u00e4\u00e4 k\u00e4ytt\u00f6mukavuutta<\/li>\n<li>\u215c\u02dd neli\u00f6kara yleisimpiin hylsyihin<\/li>\n<li>2 nopeusasetusta<\/li>\n<li>Yksitt\u00e4isten akun kennojen valvonta optimoi ty\u00f6kalun k\u00e4ytt\u00f6ajan ja varmistaa akun kest\u00e4vyyden<\/li>\n<li>Kiinte\u00e4 virtamittari ja LED-ty\u00f6valo<\/li>\n<li>REDLITHIUM-ION&#x2122;-akun ylivoimainen rakenne, elektroniikka ja jatkuva suorituskyky takaavat pidemm\u00e4n k\u00e4ytt\u00f6ajan ja -i\u00e4n<\/li>\n<li>Toimii kaikilla Milwaukee\u00ae M18&#x2122; -akuilla<\/li>\n<\/ul>\n<table class=\"table product__detail-table js-responsive-table\">\n<tbody>\n<tr>\n<th class=\"product__detail-table--no-border table-area-heading\">Tekniset tiedot<\/th>\n<th class=\"product__detail-table--no-border product__detail-table--centered\">M18 BRAIW-0<\/th>\n<\/tr>\n<tr>\n<th>Akkutyyppi<\/th>\n<td data-th=\"Akkutyyppi\">Li-ion<\/td>\n<\/tr>\n<tr>\n<th>Akun kapasiteetti (Ah)<\/th>\n<td data-th=\"Akun kapasiteetti (Ah)\">\u2212<\/td>\n<\/tr>\n<tr>\n<th>Iskuluku (iskua\/min)<\/th>\n<td data-th=\"Iskuluku (iskua\/min)\">0 &#8211; 2400 \/ 0 &#8211; 3400<\/td>\n<\/tr>\n<tr>\n<th>Kuormittamaton nopeus (r\/min)<\/th>\n<td data-th=\"Kuormittamaton nopeus (r\/min)\">0 &#8211; 1500 \/ 0 &#8211; 2250<\/td>\n<\/tr>\n<tr>\n<th>Maks. v\u00e4\u00e4nt\u00f6 (Nm)<\/th>\n<td data-th=\"Maks. v\u00e4\u00e4nt\u00f6 (Nm)\">40 \/ 76<\/td>\n<\/tr>\n<tr>\n<th>Mukana laturi<\/th>\n<td data-th=\"Mukana laturi\">\u2212<\/td>\n<\/tr>\n<tr>\n<th>Mukana tulevien akkujen m\u00e4\u00e4r\u00e4<\/th>\n<td data-th=\"Mukana tulevien akkujen m\u00e4\u00e4r\u00e4\">0<\/td>\n<\/tr>\n<tr>\n<th>Paino akun kanssa (kg)<\/th>\n<td data-th=\"Paino akun kanssa (kg)\">1.8<\/td>\n<\/tr>\n<tr>\n<th>T\u00e4rin\u00e4 ty\u00f6kalua k\u00e4ytett\u00e4ess\u00e4 maksimikapasiteetilla [m|s\u00b2]<\/th>\n<td data-th=\"T\u00e4rin\u00e4 ty\u00f6kalua k\u00e4ytett\u00e4ess\u00e4 maksimikapasiteetilla [m|s\u00b2]\">14,8<\/td>\n<\/tr>\n<tr>\n<th>T\u00e4rin\u00e4 ty\u00f6kalua k\u00e4ytett\u00e4ess\u00e4 maksimikapasiteetilla: ep\u00e4varmuus [m|s\u00b2]<\/th>\n<td data-th=\"T\u00e4rin\u00e4 ty\u00f6kalua k\u00e4ytett\u00e4ess\u00e4 maksimikapasiteetilla: ep\u00e4varmuus [m|s\u00b2]\">1,5<\/td>\n<\/tr>\n<tr>\n<th>Toimitetaan<\/th>\n<td data-th=\"Toimitetaan\">\u2212<\/td>\n<\/tr>\n<tr>\n<th>Tuotenumero<\/th>\n<td data-th=\"Tuotenumero\">4933447899<\/td>\n<\/tr>\n<tr>\n<th>Voltit (V)<\/th>\n<td data-th=\"Voltit (V)\">18<\/td>\n<\/tr>\n<tr class=\"table__accordion-btn\">\n<th colspan=\"2\"><\/th>\n<\/tr>\n<\/tbody>\n<\/table>\n<table class=\"table product__detail-table js-responsive-table\">\n<tbody>\n<tr class=\"table__hidden-area js-hidden-table-area is-active\">\n<th>Akustinen paine (dB(A))<\/th>\n<td data-th=\"Akustinen paine (dB(A))\">90,6<\/td>\n<\/tr>\n<tr class=\"table__hidden-area js-hidden-table-area is-active\">\n<th>Akustinen paine ep\u00e4varmuus (dB(A))<\/th>\n<td data-th=\"Akustinen paine ep\u00e4varmuus (dB(A))\">3<\/td>\n<\/tr>\n<tr class=\"table__hidden-area js-hidden-table-area is-active\">\n<th>Akustinen paine mitattu (dB(A))<\/th>\n<td data-th=\"Akustinen paine mitattu (dB(A))\">101.6<\/td>\n<\/tr>\n<tr class=\"table__hidden-area js-hidden-table-area is-active\">\n<th>Akustinen paine mitattu ep\u00e4varmuus (dB(A))<\/th>\n<td data-th=\"Akustinen paine mitattu ep\u00e4varmuus (dB(A))\">3<\/td>\n<\/tr>\n<\/tbody>\n<\/table>\n<\/div>\n<p>[\/et_pb_text][et_pb_video src=&#8221;https:\/\/youtu.be\/NiJUqDhuRzs&#8221; _builder_version=&#8221;4.16&#8243; global_colors_info=&#8221;{}&#8221;][\/et_pb_video][\/et_pb_column][\/et_pb_row][\/et_pb_section]<\/p>\n","protected":false},"excerpt":{"rendered":"<p>Eritt\u00e4in k\u00e4tev\u00e4 ja monipuolinen Milwaukee iskev\u00e4 kulmamutterinv\u00e4\u00e4nnin. T\u00e4ll\u00e4 kulmamallisell\u00e4 iskev\u00e4ll\u00e4 mutterinv\u00e4\u00e4ntimell\u00e4 helpotat ja nopeutat t\u00f6it\u00e4si ahtaissa paikoissa.<br \/>\nToimitetaan ilman akkua ja laturia<\/p>\n","protected":false},"featured_media":20035,"template":"","meta":{"_et_pb_use_builder":"on","_et_pb_old_content":"<div class=\"product__description-content js-product-content\">\r\n<ul>\r\n \t<li>Pituus vain 307 mm, mik\u00e4 helpottaa ahtaissa paikoissa ty\u00f6skentely\u00e4<\/li>\r\n \t<li>REDLINK\u2122-ylikuormitussuojan elektroniikka ty\u00f6kaluissa ja akussa tuottaa luokkansa parhaan kest\u00e4vyyden<\/li>\r\n \t<li>Kokometallinen vaihteisto ja vaihdelaatikko takaavat maksimaalisen v\u00e4\u00e4nn\u00f6n<\/li>\r\n \t<li>Kompakti 53 mm kulmap\u00e4\u00e4<\/li>\r\n \t<li>Kahvassa on monta otevaihtoehtoa, mik\u00e4 lis\u00e4\u00e4 k\u00e4ytt\u00f6mukavuutta<\/li>\r\n \t<li>\u215c\u02dd neli\u00f6kara yleisimpiin hylsyihin<\/li>\r\n \t<li>2 nopeusasetusta<\/li>\r\n \t<li>Yksitt\u00e4isten akun kennojen valvonta optimoi ty\u00f6kalun k\u00e4ytt\u00f6ajan ja varmistaa akun kest\u00e4vyyden<\/li>\r\n \t<li>Kiinte\u00e4 virtamittari ja LED-ty\u00f6valo<\/li>\r\n \t<li>REDLITHIUM-ION\u2122-akun ylivoimainen rakenne, elektroniikka ja jatkuva suorituskyky takaavat pidemm\u00e4n k\u00e4ytt\u00f6ajan ja -i\u00e4n<\/li>\r\n \t<li>Toimii kaikilla Milwaukee\u00ae M18\u2122 -akuilla<\/li>\r\n<\/ul>\r\n<table class=\"table product__detail-table js-responsive-table\">\r\n<tbody>\r\n<tr>\r\n<th class=\"product__detail-table--no-border table-area-heading\">Tekniset tiedot<\/th>\r\n<th class=\"product__detail-table--no-border product__detail-table--centered\">M18 BRAIW-0<\/th>\r\n<\/tr>\r\n<tr>\r\n<th>Akkutyyppi<\/th>\r\n<td data-th=\"Akkutyyppi\">Li-ion<\/td>\r\n<\/tr>\r\n<tr>\r\n<th>Akun kapasiteetti (Ah)<\/th>\r\n<td data-th=\"Akun kapasiteetti (Ah)\">\u2212<\/td>\r\n<\/tr>\r\n<tr>\r\n<th>Iskuluku (iskua\/min)<\/th>\r\n<td data-th=\"Iskuluku (iskua\/min)\">0 - 2400 \/ 0 - 3400<\/td>\r\n<\/tr>\r\n<tr>\r\n<th>Kuormittamaton nopeus (r\/min)<\/th>\r\n<td data-th=\"Kuormittamaton nopeus (r\/min)\">0 - 1500 \/ 0 - 2250<\/td>\r\n<\/tr>\r\n<tr>\r\n<th>Maks. v\u00e4\u00e4nt\u00f6 (Nm)<\/th>\r\n<td data-th=\"Maks. v\u00e4\u00e4nt\u00f6 (Nm)\">40 \/ 76<\/td>\r\n<\/tr>\r\n<tr>\r\n<th>Mukana laturi<\/th>\r\n<td data-th=\"Mukana laturi\">\u2212<\/td>\r\n<\/tr>\r\n<tr>\r\n<th>Mukana tulevien akkujen m\u00e4\u00e4r\u00e4<\/th>\r\n<td data-th=\"Mukana tulevien akkujen m\u00e4\u00e4r\u00e4\">0<\/td>\r\n<\/tr>\r\n<tr>\r\n<th>Paino akun kanssa (kg)<\/th>\r\n<td data-th=\"Paino akun kanssa (kg)\">1.8<\/td>\r\n<\/tr>\r\n<tr>\r\n<th>T\u00e4rin\u00e4 ty\u00f6kalua k\u00e4ytett\u00e4ess\u00e4 maksimikapasiteetilla [m|s\u00b2]<\/th>\r\n<td data-th=\"T\u00e4rin\u00e4 ty\u00f6kalua k\u00e4ytett\u00e4ess\u00e4 maksimikapasiteetilla [m|s\u00b2]\">14,8<\/td>\r\n<\/tr>\r\n<tr>\r\n<th>T\u00e4rin\u00e4 ty\u00f6kalua k\u00e4ytett\u00e4ess\u00e4 maksimikapasiteetilla: ep\u00e4varmuus [m|s\u00b2]<\/th>\r\n<td data-th=\"T\u00e4rin\u00e4 ty\u00f6kalua k\u00e4ytett\u00e4ess\u00e4 maksimikapasiteetilla: ep\u00e4varmuus [m|s\u00b2]\">1,5<\/td>\r\n<\/tr>\r\n<tr>\r\n<th>Toimitetaan<\/th>\r\n<td data-th=\"Toimitetaan\">\u2212<\/td>\r\n<\/tr>\r\n<tr>\r\n<th>Tuotenumero<\/th>\r\n<td data-th=\"Tuotenumero\">4933447899<\/td>\r\n<\/tr>\r\n<tr>\r\n<th>Voltit (V)<\/th>\r\n<td data-th=\"Voltit (V)\">18<\/td>\r\n<\/tr>\r\n<tr class=\"table__accordion-btn\">\r\n<th colspan=\"2\"><\/th>\r\n<\/tr>\r\n<\/tbody>\r\n<\/table>\r\n<table class=\"table product__detail-table js-responsive-table\">\r\n<tbody>\r\n<tr class=\"table__hidden-area js-hidden-table-area is-active\">\r\n<th>Akustinen paine (dB(A))<\/th>\r\n<td data-th=\"Akustinen paine (dB(A))\">90,6<\/td>\r\n<\/tr>\r\n<tr class=\"table__hidden-area js-hidden-table-area is-active\">\r\n<th>Akustinen paine ep\u00e4varmuus (dB(A))<\/th>\r\n<td data-th=\"Akustinen paine ep\u00e4varmuus (dB(A))\">3<\/td>\r\n<\/tr>\r\n<tr class=\"table__hidden-area js-hidden-table-area is-active\">\r\n<th>Akustinen paine mitattu (dB(A))<\/th>\r\n<td data-th=\"Akustinen paine mitattu (dB(A))\">101.6<\/td>\r\n<\/tr>\r\n<tr class=\"table__hidden-area js-hidden-table-area is-active\">\r\n<th>Akustinen paine mitattu ep\u00e4varmuus (dB(A))<\/th>\r\n<td data-th=\"Akustinen paine mitattu ep\u00e4varmuus (dB(A))\">3<\/td>\r\n<\/tr>\r\n<\/tbody>\r\n<\/table>\r\n<\/div>","_et_gb_content_width":""},"pwb-brand":[1452],"product_brand":[],"product_cat":[735],"product_tag":[],"class_list":{"0":"post-12039","1":"product","2":"type-product","3":"status-publish","4":"has-post-thumbnail","6":"pwb-brand-milwaukee","7":"product_cat-akkumutterinvaantimet","9":"first","10":"instock","11":"taxable","12":"shipping-taxable","13":"purchasable","14":"product-type-simple"},"brands":[{"id":1452,"name":"Milwaukee","slug":"milwaukee"}],"_links":{"self":[{"href":"https:\/\/silikotek.sapartners.site\/index.php\/wp-json\/wp\/v2\/product\/12039","targetHints":{"allow":["GET"]}}],"collection":[{"href":"https:\/\/silikotek.sapartners.site\/index.php\/wp-json\/wp\/v2\/product"}],"about":[{"href":"https:\/\/silikotek.sapartners.site\/index.php\/wp-json\/wp\/v2\/types\/product"}],"wp:featuredmedia":[{"embeddable":true,"href":"https:\/\/silikotek.sapartners.site\/index.php\/wp-json\/wp\/v2\/media\/20035"}],"wp:attachment":[{"href":"https:\/\/silikotek.sapartners.site\/index.php\/wp-json\/wp\/v2\/media?parent=12039"}],"wp:term":[{"taxonomy":"pwb-brand","embeddable":true,"href":"https:\/\/silikotek.sapartners.site\/index.php\/wp-json\/wp\/v2\/pwb-brand?post=12039"},{"taxonomy":"product_brand","embeddable":true,"href":"https:\/\/silikotek.sapartners.site\/index.php\/wp-json\/wp\/v2\/product_brand?post=12039"},{"taxonomy":"product_cat","embeddable":true,"href":"https:\/\/silikotek.sapartners.site\/index.php\/wp-json\/wp\/v2\/product_cat?post=12039"},{"taxonomy":"product_tag","embeddable":true,"href":"https:\/\/silikotek.sapartners.site\/index.php\/wp-json\/wp\/v2\/product_tag?post=12039"}],"curies":[{"name":"wp","href":"https:\/\/api.w.org\/{rel}","templated":true}]}}