{"id":12006,"date":"2015-02-10T12:45:02","date_gmt":"2015-02-10T10:45:02","guid":{"rendered":"http:\/\/192.168.100.222\/target_carts\/wordpress\/wordpress495\/wordpress\/?product=lieriotuurna"},"modified":"2018-07-04T13:33:27","modified_gmt":"2018-07-04T10:33:27","slug":"lieriotuurna","status":"publish","type":"product","link":"https:\/\/silikotek.sapartners.site\/index.php\/tuote\/lieriotuurna\/","title":{"rendered":"Lieri\u00f6tuurna"},"content":{"rendered":"","protected":false},"excerpt":{"rendered":"<p>Facom lieri\u00f6tuurna, kuusikulmainen varsi, k\u00e4rki eritt\u00e4in kest\u00e4v\u00e4\u00e4 erikoister\u00e4st\u00e4, l\u00e4mp\u00f6k\u00e4sitelty, kovuus 52-58 HRc<\/p>\n","protected":false},"featured_media":12005,"template":"","meta":{"_et_pb_use_builder":"","_et_pb_old_content":"","_et_gb_content_width":""},"pwb-brand":[1455],"product_brand":[],"product_cat":[872],"product_tag":[],"class_list":{"0":"post-12006","1":"product","2":"type-product","3":"status-publish","4":"has-post-thumbnail","6":"pwb-brand-facom","7":"product_cat-tuurnat-pistepuikot-ja-kylmameisselit","8":"pa_halkaisija-o-100-mm","9":"pa_halkaisija-o-20-mm","10":"pa_halkaisija-o-30-mm","11":"pa_halkaisija-o-40-mm","12":"pa_halkaisija-o-50-mm","13":"pa_halkaisija-o-60-mm","14":"pa_halkaisija-o-80-mm","16":"first","17":"instock","18":"taxable","19":"shipping-taxable","20":"purchasable","21":"product-type-variable"},"brands":[{"id":1455,"name":"Facom","slug":"facom"}],"_links":{"self":[{"href":"https:\/\/silikotek.sapartners.site\/index.php\/wp-json\/wp\/v2\/product\/12006","targetHints":{"allow":["GET"]}}],"collection":[{"href":"https:\/\/silikotek.sapartners.site\/index.php\/wp-json\/wp\/v2\/product"}],"about":[{"href":"https:\/\/silikotek.sapartners.site\/index.php\/wp-json\/wp\/v2\/types\/product"}],"wp:featuredmedia":[{"embeddable":true,"href":"https:\/\/silikotek.sapartners.site\/index.php\/wp-json\/wp\/v2\/media\/12005"}],"wp:attachment":[{"href":"https:\/\/silikotek.sapartners.site\/index.php\/wp-json\/wp\/v2\/media?parent=12006"}],"wp:term":[{"taxonomy":"pwb-brand","embeddable":true,"href":"https:\/\/silikotek.sapartners.site\/index.php\/wp-json\/wp\/v2\/pwb-brand?post=12006"},{"taxonomy":"product_brand","embeddable":true,"href":"https:\/\/silikotek.sapartners.site\/index.php\/wp-json\/wp\/v2\/product_brand?post=12006"},{"taxonomy":"product_cat","embeddable":true,"href":"https:\/\/silikotek.sapartners.site\/index.php\/wp-json\/wp\/v2\/product_cat?post=12006"},{"taxonomy":"product_tag","embeddable":true,"href":"https:\/\/silikotek.sapartners.site\/index.php\/wp-json\/wp\/v2\/product_tag?post=12006"}],"curies":[{"name":"wp","href":"https:\/\/api.w.org\/{rel}","templated":true}]}}