{"id":11670,"date":"2015-01-19T10:25:33","date_gmt":"2015-01-19T10:25:33","guid":{"rendered":"http:\/\/192.168.100.222\/target_carts\/wordpress\/wordpress495\/wordpress\/?product=tyokalupakki-582x298x255-mm-muovia"},"modified":"2022-05-02T14:54:42","modified_gmt":"2022-05-02T11:54:42","slug":"tyokalupakki-582x298x255-mm-muovia","status":"publish","type":"product","link":"https:\/\/silikotek.sapartners.site\/index.php\/tuote\/tyokalupakki-582x298x255-mm-muovia\/","title":{"rendered":"Kstools Ty\u00f6kalupakki 582x298x255 mm muovia  850.0345"},"content":{"rendered":"<p>Syvyys: 298.0 mm<br \/>\nV\u00e4ri: musta-punainen<br \/>\nPaino: 3250g<br \/>\nKorkeus: 255.0 mm<br \/>\nPituus: 582 mm<br \/>\nMateriaali: Iskunkest\u00e4v\u00e4 muovi ja ter\u00e4slevyt<br \/>\nKannettava<br \/>\nLastauskapasiteetti: 30kg<\/p>\n","protected":false},"excerpt":{"rendered":"<p>Eritt\u00e4in vahva, tyylik\u00e4s ja tilava ty\u00f6kalupakki. Valmistettu iskunkest\u00e4v\u00e4st\u00e4 muovista ja ter\u00e4slevyist\u00e4. Lukittavissa riippulukolla. Siirrett\u00e4v\u00e4 lokerikko pientarvikkeille. Kantokahva.<\/p>\n","protected":false},"featured_media":21234,"template":"","meta":{"_et_pb_use_builder":"","_et_pb_old_content":"","_et_gb_content_width":""},"pwb-brand":[1454],"product_brand":[],"product_cat":[836],"product_tag":[],"class_list":{"0":"post-11670","1":"product","2":"type-product","3":"status-publish","4":"has-post-thumbnail","6":"pwb-brand-kstools","7":"product_cat-tyokalulaukut","9":"first","10":"instock","11":"taxable","12":"shipping-taxable","13":"purchasable","14":"product-type-simple"},"brands":[{"id":1454,"name":"Kstools","slug":"kstools"}],"_links":{"self":[{"href":"https:\/\/silikotek.sapartners.site\/index.php\/wp-json\/wp\/v2\/product\/11670","targetHints":{"allow":["GET"]}}],"collection":[{"href":"https:\/\/silikotek.sapartners.site\/index.php\/wp-json\/wp\/v2\/product"}],"about":[{"href":"https:\/\/silikotek.sapartners.site\/index.php\/wp-json\/wp\/v2\/types\/product"}],"wp:featuredmedia":[{"embeddable":true,"href":"https:\/\/silikotek.sapartners.site\/index.php\/wp-json\/wp\/v2\/media\/21234"}],"wp:attachment":[{"href":"https:\/\/silikotek.sapartners.site\/index.php\/wp-json\/wp\/v2\/media?parent=11670"}],"wp:term":[{"taxonomy":"pwb-brand","embeddable":true,"href":"https:\/\/silikotek.sapartners.site\/index.php\/wp-json\/wp\/v2\/pwb-brand?post=11670"},{"taxonomy":"product_brand","embeddable":true,"href":"https:\/\/silikotek.sapartners.site\/index.php\/wp-json\/wp\/v2\/product_brand?post=11670"},{"taxonomy":"product_cat","embeddable":true,"href":"https:\/\/silikotek.sapartners.site\/index.php\/wp-json\/wp\/v2\/product_cat?post=11670"},{"taxonomy":"product_tag","embeddable":true,"href":"https:\/\/silikotek.sapartners.site\/index.php\/wp-json\/wp\/v2\/product_tag?post=11670"}],"curies":[{"name":"wp","href":"https:\/\/api.w.org\/{rel}","templated":true}]}}