{"id":11660,"date":"2015-01-13T13:58:01","date_gmt":"2015-01-13T13:58:01","guid":{"rendered":"http:\/\/192.168.100.222\/target_carts\/wordpress\/wordpress495\/wordpress\/?product=lukkorengaspihdit-19-60-mm-sisapuoliset-suorat"},"modified":"2015-01-13T14:00:55","modified_gmt":"2015-01-13T14:00:55","slug":"lukkorengaspihdit-19-60-mm-sisapuoliset-suorat-1","status":"publish","type":"product","link":"https:\/\/silikotek.sapartners.site\/index.php\/tuote\/lukkorengaspihdit-19-60-mm-sisapuoliset-suorat-1\/","title":{"rendered":"Lukkorengaspihdit 19-60 mm sis\u00e4puoliset suorat"},"content":{"rendered":"<p>Standardin DIN 5254 mukaiset. Koneistetut k\u00e4rjet 1,6 mm, pituus 160 mm, paino 150 g, soveltuu sis\u00e4puolisille lukkorenkaille 19,0 &#8211; 60,0 mm. PVC pinnoitetut k\u00e4densijat. Jousivaimennetut.<\/p>\n","protected":false},"excerpt":{"rendered":"<p>Kstools lukkorengaspihdit 19-60 mm muotoilluilla k\u00e4rjill\u00e4.<\/p>\n","protected":false},"featured_media":11659,"template":"","meta":{"_et_pb_use_builder":"","_et_pb_old_content":"","_et_gb_content_width":""},"pwb-brand":[],"product_brand":[],"product_cat":[865],"product_tag":[],"class_list":{"0":"post-11660","1":"product","2":"type-product","3":"status-publish","4":"has-post-thumbnail","6":"product_cat-sisapuoliset-lukkorengaspihdit","8":"first","9":"instock","10":"taxable","11":"shipping-taxable","12":"purchasable","13":"product-type-simple"},"brands":[],"_links":{"self":[{"href":"https:\/\/silikotek.sapartners.site\/index.php\/wp-json\/wp\/v2\/product\/11660","targetHints":{"allow":["GET"]}}],"collection":[{"href":"https:\/\/silikotek.sapartners.site\/index.php\/wp-json\/wp\/v2\/product"}],"about":[{"href":"https:\/\/silikotek.sapartners.site\/index.php\/wp-json\/wp\/v2\/types\/product"}],"wp:featuredmedia":[{"embeddable":true,"href":"https:\/\/silikotek.sapartners.site\/index.php\/wp-json\/wp\/v2\/media\/11659"}],"wp:attachment":[{"href":"https:\/\/silikotek.sapartners.site\/index.php\/wp-json\/wp\/v2\/media?parent=11660"}],"wp:term":[{"taxonomy":"pwb-brand","embeddable":true,"href":"https:\/\/silikotek.sapartners.site\/index.php\/wp-json\/wp\/v2\/pwb-brand?post=11660"},{"taxonomy":"product_brand","embeddable":true,"href":"https:\/\/silikotek.sapartners.site\/index.php\/wp-json\/wp\/v2\/product_brand?post=11660"},{"taxonomy":"product_cat","embeddable":true,"href":"https:\/\/silikotek.sapartners.site\/index.php\/wp-json\/wp\/v2\/product_cat?post=11660"},{"taxonomy":"product_tag","embeddable":true,"href":"https:\/\/silikotek.sapartners.site\/index.php\/wp-json\/wp\/v2\/product_tag?post=11660"}],"curies":[{"name":"wp","href":"https:\/\/api.w.org\/{rel}","templated":true}]}}