{"id":11656,"date":"2015-01-12T16:24:07","date_gmt":"2015-01-12T16:24:07","guid":{"rendered":"http:\/\/192.168.100.222\/target_carts\/wordpress\/wordpress495\/wordpress\/?product=lukkorengaspihdit-19-60-mm-ulkopuoliset-suorat"},"modified":"2015-01-12T16:26:33","modified_gmt":"2015-01-12T16:26:33","slug":"lukkorengaspihdit-19-60-mm-ulkopuoliset-suorat","status":"publish","type":"product","link":"https:\/\/silikotek.sapartners.site\/index.php\/tuote\/lukkorengaspihdit-19-60-mm-ulkopuoliset-suorat\/","title":{"rendered":"Lukkorengaspihdit 19-60 mm ulkopuoliset suorat"},"content":{"rendered":"<pre><span class=\"puce\">\u2022<\/span> Lukkorenkaille 3 --> 200 mm.\r\n<span class=\"puce\">\u2022<\/span> K\u00e4rjet vahvaa pianolankaa.\r\n<span class=\"puce\">\u2022<\/span> Pitk\u00e4t 10\u00b0 taivutetut suunnatut k\u00e4rjet takaa varman pidon lukkorenkaaseen..\r\n<span class=\"puce\">\u2022<\/span> V\u00e4rikoodatut noputtaa oikan koon l\u00f6ytymist\u00e4\r\n<span class=\"puce\">\u2022<\/span> Kahvat luistamatonta graniitti PVC:t\u00e4.<\/pre>\n","protected":false},"excerpt":{"rendered":"<p>Facomin lukkorengaspihdit ulkopuolisille lukkorenkaille.<\/p>\n","protected":false},"featured_media":11655,"template":"","meta":{"_et_pb_use_builder":"","_et_pb_old_content":"","_et_gb_content_width":""},"pwb-brand":[],"product_brand":[],"product_cat":[864],"product_tag":[],"class_list":{"0":"post-11656","1":"product","2":"type-product","3":"status-publish","4":"has-post-thumbnail","6":"product_cat-ulkopuoliset-lukkorengaspihdit","8":"first","9":"instock","10":"sale","11":"taxable","12":"shipping-taxable","13":"purchasable","14":"product-type-simple"},"brands":[],"_links":{"self":[{"href":"https:\/\/silikotek.sapartners.site\/index.php\/wp-json\/wp\/v2\/product\/11656","targetHints":{"allow":["GET"]}}],"collection":[{"href":"https:\/\/silikotek.sapartners.site\/index.php\/wp-json\/wp\/v2\/product"}],"about":[{"href":"https:\/\/silikotek.sapartners.site\/index.php\/wp-json\/wp\/v2\/types\/product"}],"wp:featuredmedia":[{"embeddable":true,"href":"https:\/\/silikotek.sapartners.site\/index.php\/wp-json\/wp\/v2\/media\/11655"}],"wp:attachment":[{"href":"https:\/\/silikotek.sapartners.site\/index.php\/wp-json\/wp\/v2\/media?parent=11656"}],"wp:term":[{"taxonomy":"pwb-brand","embeddable":true,"href":"https:\/\/silikotek.sapartners.site\/index.php\/wp-json\/wp\/v2\/pwb-brand?post=11656"},{"taxonomy":"product_brand","embeddable":true,"href":"https:\/\/silikotek.sapartners.site\/index.php\/wp-json\/wp\/v2\/product_brand?post=11656"},{"taxonomy":"product_cat","embeddable":true,"href":"https:\/\/silikotek.sapartners.site\/index.php\/wp-json\/wp\/v2\/product_cat?post=11656"},{"taxonomy":"product_tag","embeddable":true,"href":"https:\/\/silikotek.sapartners.site\/index.php\/wp-json\/wp\/v2\/product_tag?post=11656"}],"curies":[{"name":"wp","href":"https:\/\/api.w.org\/{rel}","templated":true}]}}