{"id":11642,"date":"2015-01-12T11:21:01","date_gmt":"2015-01-12T11:21:01","guid":{"rendered":"http:\/\/192.168.100.222\/target_carts\/wordpress\/wordpress495\/wordpress\/?product=lukkorengaspihdit-3-10-mm-ulkopuoliset-taivutettu-45"},"modified":"2015-01-13T08:17:43","modified_gmt":"2015-01-13T08:17:43","slug":"lukkorengaspihdit-3-10-mm-ulkopuoliset-taivutettu-45","status":"publish","type":"product","link":"https:\/\/silikotek.sapartners.site\/index.php\/tuote\/lukkorengaspihdit-3-10-mm-ulkopuoliset-taivutettu-45\/","title":{"rendered":"Lukkorengaspihdit 3-10 mm ulkopuoliset taivutettu 45\u00b0"},"content":{"rendered":"<p>K\u00e4rjet kest\u00e4v\u00e4\u00e4 kalibroitua pianolankaa. Suunnatut k\u00e4rjet, lukkorenkaat pysyv\u00e4t paremmin. Leukoja aukipit\u00e4v\u00e4 jousi mahdollistaa pehme\u00e4n otteen. Taotut py\u00e4lletyt kahvat takaavat hyv\u00e4n otten. Lukkorenkaille 3-10 mm. NF E 73-130<br \/><img decoding=\"async\" src=\"data:image\/png;base64,iVBORw0KGgoAAAANSUhEUgAAAP8AAABtCAIAAADhxCDVAAAP3UlEQVR4nO2cX2hcxR7H5+FIGmsIRaIshUTWBwkra3tDfUgiIikmWKS4MREa6LUBj7d5SO1uqLEFLVG82NCYzcUtESIsNAumla0hZilRNiHWrTpJuOImdLcrtCUh9EEu+pBAH3IfZvfsnH975vzNac\/vyyFkZ+f85veb+Zw5v5k9u2gHBPKq0G47AALtmoB+kHcF9IO8K6Af5F0B\/SDvCugHeVdAP8i7AvpB3hXQD\/KugH6QdwX0g7wroB\/kXQH9IO9KRD9mEHtN52Wrb24O3Cq5JEYHxhHod5Fxl8glMQL9RvRQ0L+xsREKhXw+X0NDQ2trq3mDFsolgwv0G5Gib4lEIhaLxWKxb7\/91nLjBjQ5OcnzPM\/zCKFwOHzu3DnzNq2SSwa3ghtfffWVn03ZbLaCca\/Qf\/bsWYQQQujq1asY483Nzb6+vrfeeuvIkSP\/ZFAikahgXK9SqVQgEGhqahoeHh4eHiY3geHhYZNmrZJLBreCG4FAIJVK0SWFQsHv90uqhcPhvr6+Csa9Qv\/6+vr+\/fsPHz5MXvI8n0gkNjc3+\/v71aYHduO6NDk5WVNTw\/P8xsYGKdne3h4fH6+pqQmHw9vb22aMWyKXDK6aG3Nzcwihrq4uulBO\/4MHD3w+3xNPPPH333+rGfcK\/RjjWCy2sLCAMb5161YoFCKFt2\/fPnv2rHnjjLpz5w5CiOd5+VuTk5MIoStXrhg2bpVcMrhqbnR1dTU1Ne3Zs+f+\/ftCoZz+qakpjuMCgcD4+Lia8Uef\/qGhoW6xXn755RdeeKG7u\/ubb77BGJ86dcqwcb0aHh5GCAmzvkShUKi9vd2wcavkksFVdGNjY2PPnj25XK6uru7ixYtCuZz+jo6Orq6ueDweCATUjD\/i9F+\/fv2jjz7q7OxcX1+X1+zu7sYY9\/b2bm5uGjBuQA0NDT09PWrvTk5O+nw+w8atkjjGaAghFIpa3EYyEiQ2k5EgQsFIUsuNos6fP\/\/6669jjMPhMI21hP67d+9yHJdKpba2tvbt23fz5k1F4484\/UNDQwsLCxcuXLh+\/bq8Jkn6z5w5s7S0ZMC4ASGEPv30U7V3U6lUTU2NYeNWyX76k5FgyaYe+kkqPz09jTHO5XIIIQFrCf3nz58XXvb19R0\/flzR+CNOPyE7Fot999138prkXSfpr66urjD3X7lyRUQ\/gSQUIrtVKBiJlP9NMlUwJCb6o6WWhDcJx6FQUFRKihEq+RmKCgUIBSNJclYwKLYldwNjjKempvx+\/4MHD8jLjo4OAWsJ\/fX19UJelM1mJYsE7DD9SxivrK6urK5mslld\/yxhLByMon2Lx+PxeLy3t1dxY6enp2dzc7O3t\/f27dsGjBtQOBxGCK2uriq+29ra2tTUVH5NOAlFhX8J0+WZU7OCIWnTTzcQDRWblToTjCRFZ5Prpfw+NfdLz1JwA2OMDx8+\/Nlnnwkvp6amhC0dmv5UKiXBvbW1lV4kYOfpL8zMGDhuz8+vrK4apn99fb29vX3\/\/v3dSopEIhjjY8eOsQdikv5UKoUQ6unpke9sjo+PI4REH3tJIZMlC5oVDEmTfmr2pqZsutXSJSG6DsuWVDIf4UJScAPncjmO4+gNA5IIkS0dmv6uri7JmJKbhjxGh+hfSafTj\/tvPP38jaef1\/VP5tkX1y4nyAXAKDXfbty4Qeb4hYWF\/v5+Uri+vi5PCg0YZ9T29nZbWxtJA+7cuUMK\/\/zzT4K+z+cT3RYUp9hK9MsqGBIb\/TL7NtPf398v2ePHGL\/\/\/vvkbinQf\/\/+fY7j0uk0XW1ra6uuro7+gGwX6P+h6hkDR\/bNty2hv6WlRfjk79VXX7116xbGeGhoSNezDybpxxhvb28LmXpbW1tbW5vP50MIBQIBaUbkVvrpBiRpmJRjtsxHk36ydSP5fBdj\/McffyCE6LT24sWLiluc4XD4jTfekMToEP3Lmcza6cG1oX+rHqcHbzz9PMF95ZWja6cHf+NPZer\/8UPVM+nH\/WuXEybpn5iYQAhxHEcWuD\/\/\/PNrr73G83xDQ8MZBglXiHn6cWmyb2pqqq6urq6uDgQC4XBYYTHgHvopUaSKF9gqHMtWvdTZwqpXi\/6JiYnnnntO0duOjg76cYZAIPDFF1\/Iq5HE6e7du7Rxh+hfwng5kynMzKyk04p\/8yNjAvqZbPanfH753r21ywlyAfzS2PJTPs\/YlqJv586dI7l+LBYjJevr60vMEpbFltDvctkVoxhuXW40NTUhde3bt29rawtjvLi4WKEavaxyNvNZXf3fhx8SvtOP+8kh+Z8ca5cTwlZPJpv9jT9VLL8wYqDXLBfQr0\/iBbKu+5ED4+jc3L+STpOJvPJRmJkRtjgz2eza6cEi\/acHdQXG7psuAf2PhhuO07+6unY5sXZhJD8yJj8Eyv97\/F\/L9+5lstlMNrucyZALJvPsi+ZXvZZI0XihUJicnBwcHHzvvfdGRkYymQwpV9vXd7mAfos9E+bylXR67XJC8RBWvdk33\/790pdrF0Z+aWwhJb9f+jLD\/Byyw\/TH43G\/389x3MGDB1966aX6+nqO47q7uycmJurq6n788UebPLFPQL\/FngnJzNrlBEn3JX8rHCuvHDX8aZflkhi\/dOkSx3EnTpz49ddfhcKvv\/66vr4eIXTixAmb3LBVQL\/FntGp\/MorRxl3+smCWFgH6wqM3Tddoo1nMpm9e\/d+8MEHkjpXr17du3dvbW3tkSNHbHLDVgH9FnsmeVzn90tfshz5\/1yit4B0Bcbumy7Rxo8dO9bY2CipQNB\/5513ZmZmEELff\/+9TZ7YJ6B\/Nz0zKcfo9\/v9H3\/8Mf2ugD552djYODAwYJMn9om1A21+BBXoNyIF36wbJ9o4Qoh8O4xIgj7G+OjRo8JXKJlk8uFMi6SLfvseQWVnTPHjZBbjHqLfknGijVdVVcXjcfK\/HH2McXt7O\/n62MMlfXO\/bY+gsrqh\/CgRk3EP0W\/JONHGDx06RHBXRL9QKDz55JOi1IjxFiQ8LSz7pkglMdy+JM\/mlC95cZxG6bf4MSRGN1QeI2Uy7k36jY8Tbfzzzz+vra2NxWJy9DHGn3zySVVVFb0TyngLEnBU\/M6HqjSNR0PFonKAxTclD+AA\/dZ4tityjP5CoXDw4EGEkPwbAuRzAOmSl\/0WpP7ko6pYbl\/UUzf01xErxKinxd2hHzIfkRyjnyQ8Tz31VG1t7cDAwLVr19LpdDwe7+zsRAidPHlS6hm7GxXpLzNMF2sZV\/y2oZAM0cS4ZHDZ3YBVb1m2+iah\/+TJk4VCgfyCABkAjuMOHTokrIZFsoh+ZWkZF5inUqRiPUm+4JLBNeIG80PUQL\/FxpeXlxcXF3O5nOrJu0q\/ZIYUQU9dEJVjdFK6EjBBjA9RA\/2uM+4SuSRGB8YR6HeRcZfIJTEC\/UYE9JuUS2IE+o0I6Dcpl8QI9BsR0G9SLolxd+gHgTwloB\/kXYnoRyDQoy6gH+RdAf0g7wroB3lXqvSDQJ4S0A\/yruDTLlcYd4lcEqMD4wj0u8i4S+SSGIF+IwL6TcolMQL9RgT0m5RLYgT6jQjoNymXxAj0GxHQb1IuifFhoz85kEKdi+XX1+aD3DR6bBodmE9ijPHNyIFp9Bh9zEXJWZy4vFhfbJnUoe3r8a2o0m8YKH79s\/wNUdWfBbBySMo\/LqXzxwuTkaDolIpB6ZfuGKX+KJSKv3zLFG8lNxh6oHKLVtMf7ZTQuRji5qKlt4IDNyUmhELpNSPX2BwqmroZOaBgStO3osp9pjRe0RD9GzgqJFlGP+WBMjxqKg60iCv1oIxIX4xSfyi3qNJoSLdrqm6w9UDlFq2kfzHETaMD81Ga47G5SkyPzQkTvCb9yYFUmXjqRDbfKFEdIiclGQmWiRd+94zduAkxYxsNIYSCkShdv2JQhsQeo5I\/JU+CoVCQ9kz3jUnRDeYe0GjR5swnOZAKDsyHOMVM5mbkwHRoTOEsRVlFf2W+d49+3dDSJ7C5rUumMx\/ik2Qi1pn3sGc+yj2g0aL99JfSFTG+WEqwPO+X5jbizMcw\/SI25KCIMx9n6Ff6IUG2syiuXEZ\/iUZJbic4xnofYKVfsQe0WnRi7leesCXLAO28v3yFpCJj80F75n5cXigFI1G1EbIl85E5o7EedvPcX\/ZH9ZbGuAYwN\/drtGgz\/XhsToX+xRCXilxTOUtTlZcT6r5hrCdFVh0ge+jXuShMuiXvl\/sj3mlRvq9ZTD9DDzhPP7XnI7oPXJNO3kx7PtSeqbBg0OUbxvTtUGXPR2vWspB+MxmLbC9RPSgjMpn5KJSK4ktGgtbueCr1gFaLttNP8nXZJr1s2aqw3y98DlA6sbidKl8SMPtWlGxjWHFtpo6ihXM\/NU2ayPsxftj2+1m9ZKYfa+33K7RoA\/3ukF7foiEdE6abA7dKLonRVjeAfqJkJKIjW3Bz4FbJJTEC\/UbkQK\/ZZNwlckmMQL8RAf0m5ZIYgX4jAvpNyiUxAv1GBPSblEtiBPqNCOg3KZfEuDv0g0CeEtAP8q6AfpB3BfSDvCugH+RdAf0g7wroB3lXQD\/Iu7KI\/nx0Hr27Qb3ONZMH91ty+Z2dnZ2\/Rlskz\/EvzZKzJM\/3F+tr2J99t1SfbpTFz9FmxM\/Ky2f50hPhSu9aKKkDpYabRxXjVrEg9ZUqsz8EqTPy5kSlFvvG0IHsLVpBf5HFMogbPLc0W3qrOfqXvD4plF4zbPaps\/4abZnmU8x+8srdQXWo2tVhjaQOlFtjbneWF8Y5P9pc+n+WdxJ5yhel\/iTwCaVW+sbWgewtmqV\/g+emUUtuluY4tVSJ6dSSMMEz0K9knxLj9VPst+bRWS3KbMNfyQFqmBjbFQ9s6VV+tJn93mGNVPszP9rczPPNdGDW+MbcgTpatCHzyUfnm6M5nlPMZESzNTO7ajX1zf072pDZO\/dLGhANEzWps0o4pZy3OZv3yPuLhCSZiC31TbsDdbRoD\/2olPnko\/OizIea+Es1RXm\/PE2S2xedq7JOUPVTne5itmjzJCoBwzj9VN5D\/ev0fUDcn6W2Jamkpb5pdqCeFu2a+0sQi3GXLANMz\/1S+9p2NOd2A3OwHjHP\/RXX4bO8+mXq6BpAORzVXrbAN503z8ot2rHnk1pSoX+D5+ZpBy2gn1phM9nRzmzspSdvLu8v1qxUdbfoF++0KN9GLaafoQOdp58iUnQfyOeaxfO0MfpFNxAr5n5TGYhOyTYDSWOs8CuiL3I5P9rsph1Py33T7EA9Ldq0359aKib0kkI5\/dLf8yl9DiDP8ssl1KcHJvJ+5XnLwbx\/Z0fvfr98fi3v9znjv4JD7Pv9Vvimb79fo0VPf9Y7y+\/CLjnIPfIy\/fnRUYDf0\/Iy\/SCvC+gHeVdAP8i7AvpB3hXQD\/KugH6QdwX0g7wr+CVDVxh3iVwSowPjSPR\/tW0A\/WI2qowAAAAASUVORK5CYII=\" alt=\"\" \/><\/p>\n","protected":false},"excerpt":{"rendered":"<p>Eritt\u00e4in laadukkaat ja tyk\u00e4tyt lukkorengaspihdit. Facomin taivutetut\u00a0<span class=\"st\"><em>45<\/em>\u00b0<\/span> lukkorengaspihdit ulkopuolisille lukkorenkaille pianolankak\u00e4rjill\u00e4.<\/p>\n","protected":false},"featured_media":11641,"template":"","meta":{"_et_pb_use_builder":"","_et_pb_old_content":"","_et_gb_content_width":""},"pwb-brand":[],"product_brand":[],"product_cat":[864],"product_tag":[],"class_list":{"0":"post-11642","1":"product","2":"type-product","3":"status-publish","4":"has-post-thumbnail","6":"product_cat-ulkopuoliset-lukkorengaspihdit","8":"first","9":"instock","10":"sale","11":"taxable","12":"shipping-taxable","13":"purchasable","14":"product-type-simple"},"brands":[],"_links":{"self":[{"href":"https:\/\/silikotek.sapartners.site\/index.php\/wp-json\/wp\/v2\/product\/11642","targetHints":{"allow":["GET"]}}],"collection":[{"href":"https:\/\/silikotek.sapartners.site\/index.php\/wp-json\/wp\/v2\/product"}],"about":[{"href":"https:\/\/silikotek.sapartners.site\/index.php\/wp-json\/wp\/v2\/types\/product"}],"wp:featuredmedia":[{"embeddable":true,"href":"https:\/\/silikotek.sapartners.site\/index.php\/wp-json\/wp\/v2\/media\/11641"}],"wp:attachment":[{"href":"https:\/\/silikotek.sapartners.site\/index.php\/wp-json\/wp\/v2\/media?parent=11642"}],"wp:term":[{"taxonomy":"pwb-brand","embeddable":true,"href":"https:\/\/silikotek.sapartners.site\/index.php\/wp-json\/wp\/v2\/pwb-brand?post=11642"},{"taxonomy":"product_brand","embeddable":true,"href":"https:\/\/silikotek.sapartners.site\/index.php\/wp-json\/wp\/v2\/product_brand?post=11642"},{"taxonomy":"product_cat","embeddable":true,"href":"https:\/\/silikotek.sapartners.site\/index.php\/wp-json\/wp\/v2\/product_cat?post=11642"},{"taxonomy":"product_tag","embeddable":true,"href":"https:\/\/silikotek.sapartners.site\/index.php\/wp-json\/wp\/v2\/product_tag?post=11642"}],"curies":[{"name":"wp","href":"https:\/\/api.w.org\/{rel}","templated":true}]}}