{"id":11624,"date":"2015-01-09T15:08:12","date_gmt":"2015-01-09T15:08:12","guid":{"rendered":"http:\/\/192.168.100.222\/target_carts\/wordpress\/wordpress495\/wordpress\/?product=lukkorengaspihdit-sisa-ja-ulkopuolisille-lukkorenkaille"},"modified":"2015-01-13T08:31:50","modified_gmt":"2015-01-13T08:31:50","slug":"lukkorengaspihdit-sisa-ja-ulkopuolisille-lukkorenkaille","status":"publish","type":"product","link":"https:\/\/silikotek.sapartners.site\/index.php\/tuote\/lukkorengaspihdit-sisa-ja-ulkopuolisille-lukkorenkaille\/","title":{"rendered":"Lukkorengaspihdit sis\u00e4,- ja ulkopuolisille lukkorenkaille"},"content":{"rendered":"<p>Sis\u00e4puolisille 20-48 mm, ulkopuolisille 19-45 mm, 1,8 mm, Pituus 200 mm, paino 155 g<\/p>\n","protected":false},"excerpt":{"rendered":"<p>N\u00e4ill\u00e4 lukkorengaspihdeill\u00e4 voi avata sek\u00e4 sis\u00e4, ett\u00e4 ulkopuoliset lukkorenkaat<\/p>\n","protected":false},"featured_media":11623,"template":"","meta":{"_et_pb_use_builder":"","_et_pb_old_content":"","_et_gb_content_width":""},"pwb-brand":[],"product_brand":[],"product_cat":[864,865],"product_tag":[],"class_list":{"0":"post-11624","1":"product","2":"type-product","3":"status-publish","4":"has-post-thumbnail","6":"product_cat-ulkopuoliset-lukkorengaspihdit","7":"product_cat-sisapuoliset-lukkorengaspihdit","9":"first","10":"instock","11":"sale","12":"taxable","13":"shipping-taxable","14":"purchasable","15":"product-type-simple"},"brands":[],"_links":{"self":[{"href":"https:\/\/silikotek.sapartners.site\/index.php\/wp-json\/wp\/v2\/product\/11624","targetHints":{"allow":["GET"]}}],"collection":[{"href":"https:\/\/silikotek.sapartners.site\/index.php\/wp-json\/wp\/v2\/product"}],"about":[{"href":"https:\/\/silikotek.sapartners.site\/index.php\/wp-json\/wp\/v2\/types\/product"}],"wp:featuredmedia":[{"embeddable":true,"href":"https:\/\/silikotek.sapartners.site\/index.php\/wp-json\/wp\/v2\/media\/11623"}],"wp:attachment":[{"href":"https:\/\/silikotek.sapartners.site\/index.php\/wp-json\/wp\/v2\/media?parent=11624"}],"wp:term":[{"taxonomy":"pwb-brand","embeddable":true,"href":"https:\/\/silikotek.sapartners.site\/index.php\/wp-json\/wp\/v2\/pwb-brand?post=11624"},{"taxonomy":"product_brand","embeddable":true,"href":"https:\/\/silikotek.sapartners.site\/index.php\/wp-json\/wp\/v2\/product_brand?post=11624"},{"taxonomy":"product_cat","embeddable":true,"href":"https:\/\/silikotek.sapartners.site\/index.php\/wp-json\/wp\/v2\/product_cat?post=11624"},{"taxonomy":"product_tag","embeddable":true,"href":"https:\/\/silikotek.sapartners.site\/index.php\/wp-json\/wp\/v2\/product_tag?post=11624"}],"curies":[{"name":"wp","href":"https:\/\/api.w.org\/{rel}","templated":true}]}}