{"id":11543,"date":"2014-12-19T14:59:10","date_gmt":"2014-12-19T12:59:10","guid":{"rendered":"http:\/\/192.168.100.222\/target_carts\/wordpress\/wordpress495\/wordpress\/?product=sievi-roller-xl-s3-koot-39-47"},"modified":"2019-03-21T12:53:55","modified_gmt":"2019-03-21T10:53:55","slug":"sievi-roller-xl-s3-koot-39-47","status":"publish","type":"product","link":"https:\/\/silikotek.sapartners.site\/index.php\/tuote\/sievi-roller-xl-s3-koot-39-47\/","title":{"rendered":"Sievi Roller XL+ S3 Turvakeng\u00e4t"},"content":{"rendered":"<div class=\"mobile-hidden\">\n<div class=\"productdata\">\n<div class=\"label\">Turvaluokitus: EN ISO 20345: S3 SRC<\/div>\n<\/div>\n<div class=\"productdata\">\n<div class=\"label\">Varvassuoja: Komposiitti<\/div>\n<\/div>\n<div class=\"productdata\">\n<div class=\"label\">Naulaanastumissuoja: Komposiittitekstiili<\/div>\n<\/div>\n<div class=\"productdata\">\n<div class=\"label\">Pohjamateriaali: 1-kerros PU<\/div>\n<\/div>\n<div class=\"productdata\">\n<div class=\"label\">P\u00e4\u00e4llismateriaali: PU-nahka<\/div>\n<\/div>\n<div class=\"productdata\">\n<div class=\"label\">Lesti: M-49 Normaali<\/div>\n<\/div>\n<\/div>\n","protected":false},"excerpt":{"rendered":"<p>Sievi Roller on varustettu helppok\u00e4ytt\u00f6isell\u00e4 ja kest\u00e4v\u00e4ll\u00e4, patentoidulla Boa\u00ae-kiristysmekanismilla. Boa\u00ae-mekanismi antaa mukavuutta turvajalkineiden k\u00e4ytt\u00e4jille: vain rullan py\u00f6r\u00e4ytys ja saat s\u00e4\u00e4detty\u00e4 jalkineiden istuvuuden juuri sinun jaloillesi sopivaksi. Jalkineet ovat my\u00f6s nopeat ja helpot riisua: nauhoitus vapautuu vaivattomasti nostamalla rullaa. Leve\u00e4 XL-lesti.<\/p>\n","protected":false},"featured_media":19204,"template":"","meta":{"_et_pb_use_builder":"","_et_pb_old_content":"","_et_gb_content_width":""},"pwb-brand":[1450],"product_brand":[],"product_cat":[1556],"product_tag":[],"class_list":{"0":"post-11543","1":"product","2":"type-product","3":"status-publish","4":"has-post-thumbnail","6":"pwb-brand-sievin-jalkine","7":"product_cat-turvapuolikengat-s3","8":"pa_kenkakoko-1016","9":"pa_kenkakoko-1017","10":"pa_kenkakoko-1018","11":"pa_kenkakoko-1019","12":"pa_kenkakoko-1020","13":"pa_kenkakoko-1021","14":"pa_kenkakoko-1022","15":"pa_kenkakoko-1023","16":"pa_kenkakoko-1024","18":"first","19":"instock","20":"taxable","21":"shipping-taxable","22":"product-type-variable"},"brands":[{"id":1450,"name":"Sievin Jalkine","slug":"sievin-jalkine"}],"_links":{"self":[{"href":"https:\/\/silikotek.sapartners.site\/index.php\/wp-json\/wp\/v2\/product\/11543","targetHints":{"allow":["GET"]}}],"collection":[{"href":"https:\/\/silikotek.sapartners.site\/index.php\/wp-json\/wp\/v2\/product"}],"about":[{"href":"https:\/\/silikotek.sapartners.site\/index.php\/wp-json\/wp\/v2\/types\/product"}],"wp:featuredmedia":[{"embeddable":true,"href":"https:\/\/silikotek.sapartners.site\/index.php\/wp-json\/wp\/v2\/media\/19204"}],"wp:attachment":[{"href":"https:\/\/silikotek.sapartners.site\/index.php\/wp-json\/wp\/v2\/media?parent=11543"}],"wp:term":[{"taxonomy":"pwb-brand","embeddable":true,"href":"https:\/\/silikotek.sapartners.site\/index.php\/wp-json\/wp\/v2\/pwb-brand?post=11543"},{"taxonomy":"product_brand","embeddable":true,"href":"https:\/\/silikotek.sapartners.site\/index.php\/wp-json\/wp\/v2\/product_brand?post=11543"},{"taxonomy":"product_cat","embeddable":true,"href":"https:\/\/silikotek.sapartners.site\/index.php\/wp-json\/wp\/v2\/product_cat?post=11543"},{"taxonomy":"product_tag","embeddable":true,"href":"https:\/\/silikotek.sapartners.site\/index.php\/wp-json\/wp\/v2\/product_tag?post=11543"}],"curies":[{"name":"wp","href":"https:\/\/api.w.org\/{rel}","templated":true}]}}