{"id":1135,"date":"2014-03-31T10:48:09","date_gmt":"2014-03-31T10:48:09","guid":{"rendered":"http:\/\/192.168.100.222\/target_carts\/wordpress\/wordpress495\/wordpress\/?product=mittaustyokalut-mod-met"},"modified":"2022-03-04T14:36:47","modified_gmt":"2022-03-04T12:36:47","slug":"mittaustyokalut-mod-met","status":"publish","type":"product","link":"https:\/\/silikotek.sapartners.site\/index.php\/tuote\/mittaustyokalut-mod-met\/","title":{"rendered":"Facom Mittausty\u00f6kalusarja MOD.MET"},"content":{"rendered":"<p>&#8211; 805.1 Ty\u00f6nt\u00e4mitta 1\/50 mm, k\u00e4ytt\u00f6alue 150 mm.<br \/>\n&#8211; 806.F Mikrometri 1\/100 mm, k\u00e4ytt\u00f6alue 0 to 25 mm.<br \/>\n&#8211; 814.M Kierretulki, 23 lehte\u00e4 25 to 300 kierteell<br \/>\n&#8211; 804 v\u00e4lysmitta 4\/100 &#8211; 1 mm.<br \/>\nPL.634<br \/>\n0,930 kg<\/p>\n","protected":false},"excerpt":{"rendered":"<p>&#8211; 805.1 Ty\u00f6nt\u00e4mitta 1\/50 mm, k\u00e4ytt\u00f6alue 150 mm. &#8211; 806.F Mikrometri 1\/100 mm, k\u00e4ytt\u00f6alue 0 to 25 mm. &#8211; 814.M Kierretulki, 23 lehte\u00e4 25 to 300 kierteell &#8211; 804 v\u00e4lysmitta 4\/100 &#8211; 1 mm. PL.634 0,930 kg<\/p>\n","protected":false},"featured_media":19583,"template":"","meta":{"_et_pb_use_builder":"","_et_pb_old_content":"","_et_gb_content_width":""},"pwb-brand":[1455],"product_brand":[],"product_cat":[745],"product_tag":[],"class_list":{"0":"post-1135","1":"product","2":"type-product","3":"status-publish","4":"has-post-thumbnail","6":"pwb-brand-facom","7":"product_cat-tyokalu-moduulit","9":"first","10":"instock","11":"taxable","12":"shipping-taxable","13":"purchasable","14":"product-type-simple"},"brands":[{"id":1455,"name":"Facom","slug":"facom"}],"_links":{"self":[{"href":"https:\/\/silikotek.sapartners.site\/index.php\/wp-json\/wp\/v2\/product\/1135","targetHints":{"allow":["GET"]}}],"collection":[{"href":"https:\/\/silikotek.sapartners.site\/index.php\/wp-json\/wp\/v2\/product"}],"about":[{"href":"https:\/\/silikotek.sapartners.site\/index.php\/wp-json\/wp\/v2\/types\/product"}],"wp:featuredmedia":[{"embeddable":true,"href":"https:\/\/silikotek.sapartners.site\/index.php\/wp-json\/wp\/v2\/media\/19583"}],"wp:attachment":[{"href":"https:\/\/silikotek.sapartners.site\/index.php\/wp-json\/wp\/v2\/media?parent=1135"}],"wp:term":[{"taxonomy":"pwb-brand","embeddable":true,"href":"https:\/\/silikotek.sapartners.site\/index.php\/wp-json\/wp\/v2\/pwb-brand?post=1135"},{"taxonomy":"product_brand","embeddable":true,"href":"https:\/\/silikotek.sapartners.site\/index.php\/wp-json\/wp\/v2\/product_brand?post=1135"},{"taxonomy":"product_cat","embeddable":true,"href":"https:\/\/silikotek.sapartners.site\/index.php\/wp-json\/wp\/v2\/product_cat?post=1135"},{"taxonomy":"product_tag","embeddable":true,"href":"https:\/\/silikotek.sapartners.site\/index.php\/wp-json\/wp\/v2\/product_tag?post=1135"}],"curies":[{"name":"wp","href":"https:\/\/api.w.org\/{rel}","templated":true}]}}