{"id":11248,"date":"2014-12-02T21:15:13","date_gmt":"2014-12-02T21:15:13","guid":{"rendered":"http:\/\/192.168.100.222\/target_carts\/wordpress\/wordpress495\/wordpress\/?product=yhdistelmasaha-katkaisu-ja-jiirisaha-ryobi"},"modified":"2014-12-02T21:24:03","modified_gmt":"2014-12-02T21:24:03","slug":"yhdistelmasaha-katkaisu-ja-jiirisaha-ryobi","status":"publish","type":"product","link":"https:\/\/silikotek.sapartners.site\/index.php\/tuote\/yhdistelmasaha-katkaisu-ja-jiirisaha-ryobi\/","title":{"rendered":"YHDISTELM\u00c4SAHA\/KATKAISU JA JIIRISAHA RYOBI"},"content":{"rendered":"<p>Tekniset tiedot<\/p>\n<p>Yhdistelm\u00e4sahassa yhdistyy p\u00f6yt\u00e4saha sek\u00e4 katkaisu- ja jiirisaha yhteen pakettiin<br \/>Valettu alumiininen alusta takaa tarkuutta leikkauksiin sek\u00e4 kest\u00e4vyytt\u00e4<br \/>Helppok\u00e4ytt\u00f6isyytt\u00e4 lis\u00e4\u00e4 pehme\u00e4 k\u00e4ynnistys joka my\u00f6s suojaa konetta pitk\u00e4ll\u00e4 t\u00e4ht\u00e4imell\u00e4<br \/>Tehokas 1800W moottori helpottaa sahaamista<br \/>ExactLine\u2122 laser teknologia takaa tarkat sahaukset jiirikulmassa<br \/>LiveTool Indikaattori hehkuu sinisen\u00e4 kun ty\u00f6kalu on kytkettyn\u00e4 verkkovirtaan<br \/>Sis\u00e4lt\u00e4\u00e4 48-hampainen kovametalliter\u00e4<\/p>\n<p>\u00a0<\/p>\n","protected":false},"excerpt":{"rendered":"<p>TCT-kovametalliter\u00e4 254\/30 mm (48T). P\u00f6yt\u00e4sahan kapasiteetti: syvyys 0-60 mm (0-45\u00b0). Katkaisu- ja jiirisahan kapasiteetti: syvyys 0-48 mm (0-45\u00b0), syvyys 0-70 (0-90\u00b0), leveys 130 mm. P\u00f6yd\u00e4n mitat 457 x 340 mm.<\/p>\n","protected":false},"featured_media":11246,"template":"","meta":{"_et_pb_use_builder":"","_et_pb_old_content":"","_et_gb_content_width":""},"pwb-brand":[],"product_brand":[],"product_cat":[830],"product_tag":[],"class_list":{"0":"post-11248","1":"product","2":"type-product","3":"status-publish","4":"has-post-thumbnail","6":"product_cat-katkaisu-ja-jiirisahat","8":"first","9":"instock","10":"taxable","11":"shipping-taxable","12":"purchasable","13":"product-type-simple"},"brands":[],"_links":{"self":[{"href":"https:\/\/silikotek.sapartners.site\/index.php\/wp-json\/wp\/v2\/product\/11248","targetHints":{"allow":["GET"]}}],"collection":[{"href":"https:\/\/silikotek.sapartners.site\/index.php\/wp-json\/wp\/v2\/product"}],"about":[{"href":"https:\/\/silikotek.sapartners.site\/index.php\/wp-json\/wp\/v2\/types\/product"}],"wp:featuredmedia":[{"embeddable":true,"href":"https:\/\/silikotek.sapartners.site\/index.php\/wp-json\/wp\/v2\/media\/11246"}],"wp:attachment":[{"href":"https:\/\/silikotek.sapartners.site\/index.php\/wp-json\/wp\/v2\/media?parent=11248"}],"wp:term":[{"taxonomy":"pwb-brand","embeddable":true,"href":"https:\/\/silikotek.sapartners.site\/index.php\/wp-json\/wp\/v2\/pwb-brand?post=11248"},{"taxonomy":"product_brand","embeddable":true,"href":"https:\/\/silikotek.sapartners.site\/index.php\/wp-json\/wp\/v2\/product_brand?post=11248"},{"taxonomy":"product_cat","embeddable":true,"href":"https:\/\/silikotek.sapartners.site\/index.php\/wp-json\/wp\/v2\/product_cat?post=11248"},{"taxonomy":"product_tag","embeddable":true,"href":"https:\/\/silikotek.sapartners.site\/index.php\/wp-json\/wp\/v2\/product_tag?post=11248"}],"curies":[{"name":"wp","href":"https:\/\/api.w.org\/{rel}","templated":true}]}}