{"id":10675,"date":"2014-10-07T14:21:15","date_gmt":"2014-10-07T14:21:15","guid":{"rendered":"http:\/\/192.168.100.222\/target_carts\/wordpress\/wordpress495\/wordpress\/?product=one-ryobi-litium-ion-akku-18v-15ah"},"modified":"2020-05-26T11:10:16","modified_gmt":"2020-05-26T08:10:16","slug":"one-ryobi-litium-ion-akku-18v-15ah","status":"publish","type":"product","link":"https:\/\/silikotek.sapartners.site\/index.php\/tuote\/one-ryobi-litium-ion-akku-18v-15ah\/","title":{"rendered":"Ryobi ONE+ Litium+-ion akku 18V 1,5Ah"},"content":{"rendered":"<p>Litium+-ion akku 18V kompakti. 1,5Ah. Soveltuu kaikille One Plus-j\u00e4rjestelm\u00e4n koneille, my\u00f6s vanhat mallit<\/p>\n<p>.Ladataan Ryobi 18V-laturilla. Laturi ei tule mukana.<\/p>\n","protected":false},"excerpt":{"rendered":"<div class=\"ds-product-detail__features\">\n<ul>\n<li class=\"ds-product-detail__feature\">Tehokas 1.5 Ah Lithium+ akku tarjoaa enemm\u00e4n suorituskyky\u00e4, enemm\u00e4n k\u00e4ytt\u00f6aikaa ja paremman kest\u00e4vyyden kuin aiemmat litiumtekniikat<\/li>\n<li class=\"ds-product-detail__feature\">Akussa 4-portainen virtamittari, joka ilmaisee j\u00e4ljell\u00e4 olevan varauksen (100 %, 75 %, 50 %, 25 %)<\/li>\n<li class=\"ds-product-detail__feature\">IntelliCell&#x2122;-akkuteknologia valvoo ja tasapainottaa yksitt\u00e4isten kennojen toimintaa ja n\u00e4in maksimoi k\u00e4ytt\u00f6aikaa, k\u00e4ytt\u00f6ik\u00e4\u00e4 ja turvallisuutta<\/li>\n<li class=\"ds-product-detail__feature\">Vankka, kest\u00e4v\u00e4 muotoilu, sis\u00e4\u00e4nrakennettu iskusuoja<\/li>\n<li class=\"ds-product-detail__feature\">Ruuvaa jopa 440 kappaletta 4&#215;32 mm ruuvia R18DD3 ruuvinv\u00e4\u00e4ntimella<\/li>\n<li class=\"ds-product-detail__feature\">Sahaa jopa 27 metri\u00e4 13 mm vaneria R18CS py\u00f6r\u00f6sahalla<\/li>\n<li class=\"ds-product-detail__feature\">K\u00e4yntiaika voi vaihdella riippuen ty\u00f6kalusta, akusta sek\u00e4 toiminnosta<\/li>\n<\/ul>\n<p>Toimitetaan ilman laturia.<\/p>\n<\/div>\n","protected":false},"featured_media":22878,"template":"","meta":{"_et_pb_use_builder":"","_et_pb_old_content":"","_et_gb_content_width":""},"pwb-brand":[1520],"product_brand":[],"product_cat":[744],"product_tag":[],"class_list":{"0":"post-10675","1":"product","2":"type-product","3":"status-publish","4":"has-post-thumbnail","6":"pwb-brand-ryobi","7":"product_cat-akut-ja-laturit","9":"first","10":"instock","11":"taxable","12":"shipping-taxable","13":"purchasable","14":"product-type-simple"},"brands":[{"id":1520,"name":"Ryobi","slug":"ryobi"}],"_links":{"self":[{"href":"https:\/\/silikotek.sapartners.site\/index.php\/wp-json\/wp\/v2\/product\/10675","targetHints":{"allow":["GET"]}}],"collection":[{"href":"https:\/\/silikotek.sapartners.site\/index.php\/wp-json\/wp\/v2\/product"}],"about":[{"href":"https:\/\/silikotek.sapartners.site\/index.php\/wp-json\/wp\/v2\/types\/product"}],"wp:featuredmedia":[{"embeddable":true,"href":"https:\/\/silikotek.sapartners.site\/index.php\/wp-json\/wp\/v2\/media\/22878"}],"wp:attachment":[{"href":"https:\/\/silikotek.sapartners.site\/index.php\/wp-json\/wp\/v2\/media?parent=10675"}],"wp:term":[{"taxonomy":"pwb-brand","embeddable":true,"href":"https:\/\/silikotek.sapartners.site\/index.php\/wp-json\/wp\/v2\/pwb-brand?post=10675"},{"taxonomy":"product_brand","embeddable":true,"href":"https:\/\/silikotek.sapartners.site\/index.php\/wp-json\/wp\/v2\/product_brand?post=10675"},{"taxonomy":"product_cat","embeddable":true,"href":"https:\/\/silikotek.sapartners.site\/index.php\/wp-json\/wp\/v2\/product_cat?post=10675"},{"taxonomy":"product_tag","embeddable":true,"href":"https:\/\/silikotek.sapartners.site\/index.php\/wp-json\/wp\/v2\/product_tag?post=10675"}],"curies":[{"name":"wp","href":"https:\/\/api.w.org\/{rel}","templated":true}]}}